192.142.28.77 - - [20/Jun/2026:03:47:22 +1000] "GET / HTTP/1.1" 404 162 "-" "Mozilla/5.0"
192.142.28.77 - - [20/Jun/2026:03:47:22 +1000] "GET / HTTP/1.1" 200 960 "-" "Mozilla/5.0"
5.161.215.244 - - [20/Jun/2026:03:47:39 +1000] "HEAD / HTTP/1.1" 200 0 "https://rateright.com.au" "Mozilla/5.0+(compatible; UptimeRobot/2.0; http://www.uptimerobot.com/)"
35.240.200.42 - - [20/Jun/2026:03:48:13 +1000] "GET /api/admin/activity HTTP/1.1" 404 4590 "-" "node"
5.161.215.244 - - [20/Jun/2026:03:48:43 +1000] "HEAD / HTTP/1.1" 200 0 "https://rateright.com.au" "Mozilla/5.0+(compatible; UptimeRobot/2.0; http://www.uptimerobot.com/)"
3.12.251.153 - - [20/Jun/2026:03:49:47 +1000] "HEAD / HTTP/1.1" 200 0 "https://rateright.com.au" "Mozilla/5.0+(compatible; UptimeRobot/2.0; http://www.uptimerobot.com/)"
54.87.112.51 - - [20/Jun/2026:03:51:01 +1000] "HEAD / HTTP/1.1" 200 0 "https://rateright.com.au" "Mozilla/5.0+(compatible; UptimeRobot/2.0; http://www.uptimerobot.com/)"
54.87.112.51 - - [20/Jun/2026:03:52:15 +1000] "HEAD / HTTP/1.1" 200 0 "https://rateright.com.au" "Mozilla/5.0+(compatible; UptimeRobot/2.0; http://www.uptimerobot.com/)"
3.149.57.90 - - [20/Jun/2026:03:53:29 +1000] "HEAD / HTTP/1.1" 200 0 "https://rateright.com.au" "Mozilla/5.0+(compatible; UptimeRobot/2.0; http://www.uptimerobot.com/)"
34.198.201.66 - - [20/Jun/2026:03:54:39 +1000] "HEAD / HTTP/1.1" 200 0 "https://rateright.com.au" "Mozilla/5.0+(compatible; UptimeRobot/2.0; http://www.uptimerobot.com/)"
5.161.61.238 - - [20/Jun/2026:03:55:45 +1000] "HEAD / HTTP/1.1" 200 0 "https://rateright.com.au" "Mozilla/5.0+(compatible; UptimeRobot/2.0; http://www.uptimerobot.com/)"
5.161.75.7 - - [20/Jun/2026:03:56:50 +1000] "HEAD / HTTP/1.1" 200 0 "https://rateright.com.au" "Mozilla/5.0+(compatible; UptimeRobot/2.0; http://www.uptimerobot.com/)"
172.70.243.86 - - [20/Jun/2026:03:57:07 +1000] "GET /wp-admin/install.php?step=1 HTTP/1.1" 301 178 "-" "http://rateright.com.au/wp-admin/install.php?step=1"
172.70.243.85 - - [20/Jun/2026:03:57:07 +1000] "GET /wp-admin/install.php?step=1 HTTP/1.1" 404 4590 "-" "http://rateright.com.au/wp-admin/install.php?step=1"
5.161.113.195 - - [20/Jun/2026:03:58:01 +1000] "HEAD / HTTP/1.1" 200 0 "https://rateright.com.au" "Mozilla/5.0+(compatible; UptimeRobot/2.0; http://www.uptimerobot.com/)"
178.156.189.113 - - [20/Jun/2026:03:59:14 +1000] "HEAD / HTTP/1.1" 200 0 "https://rateright.com.au" "Mozilla/5.0+(compatible; UptimeRobot/2.0; http://www.uptimerobot.com/)"
3.12.251.153 - - [20/Jun/2026:04:00:26 +1000] "HEAD / HTTP/1.1" 200 0 "https://rateright.com.au" "Mozilla/5.0+(compatible; UptimeRobot/2.0; http://www.uptimerobot.com/)"
52.22.236.30 - - [20/Jun/2026:04:01:32 +1000] "HEAD / HTTP/1.1" 200 0 "https://rateright.com.au" "Mozilla/5.0+(compatible; UptimeRobot/2.0; http://www.uptimerobot.com/)"
178.156.189.113 - - [20/Jun/2026:04:02:37 +1000] "HEAD / HTTP/1.1" 200 0 "https://rateright.com.au" "Mozilla/5.0+(compatible; UptimeRobot/2.0; http://www.uptimerobot.com/)"
35.240.200.42 - - [20/Jun/2026:04:03:13 +1000] "GET /api/admin/activity HTTP/1.1" 404 4590 "-" "node"
3.20.63.178 - - [20/Jun/2026:04:03:43 +1000] "HEAD / HTTP/1.1" 200 0 "https://rateright.com.au" "Mozilla/5.0+(compatible; UptimeRobot/2.0; http://www.uptimerobot.com/)"
178.156.184.20 - - [20/Jun/2026:04:04:48 +1000] "HEAD / HTTP/1.1" 200 0 "https://rateright.com.au" "Mozilla/5.0+(compatible; UptimeRobot/2.0; http://www.uptimerobot.com/)"
5.161.75.7 - - [20/Jun/2026:04:05:53 +1000] "HEAD / HTTP/1.1" 200 0 "https://rateright.com.au" "Mozilla/5.0+(compatible; UptimeRobot/2.0; http://www.uptimerobot.com/)"
43.167.241.46 - - [20/Jun/2026:04:06:06 +1000] "GET / HTTP/1.1" 400 264 "-" "Mozilla/5.0 (iPhone; CPU iPhone OS 13_2_3 like Mac OS X) AppleWebKit/605.1.15 (KHTML, like Gecko) Version/13.0.3 Mobile/15E148 Safari/604.1"
18.116.205.62 - - [20/Jun/2026:04:06:58 +1000] "HEAD / HTTP/1.1" 200 0 "https://rateright.com.au" "Mozilla/5.0+(compatible; UptimeRobot/2.0; http://www.uptimerobot.com/)"
146.75.209.6 - - [20/Jun/2026:04:07:25 +1000] "GET /.well-known/passkey-endpoints HTTP/1.1" 404 4590 "-" "com.apple.AuthenticationServicesCore.AuthenticationServicesAgent/8623.2.7.10.4 CFNetwork/3860.400.51 Darwin/25.3.0"
178.156.185.127 - - [20/Jun/2026:04:08:02 +1000] "HEAD / HTTP/1.1" 200 0 "https://rateright.com.au" "Mozilla/5.0+(compatible; UptimeRobot/2.0; http://www.uptimerobot.com/)"
5.61.209.92 - - [20/Jun/2026:04:08:21 +1000] "GET /SDK/webLanguage HTTP/1.1" 404 196 "-" "Mozilla/5.0 (Windows NT 10.0; Win64; x64) AppleWebKit/537.36 (KHTML, like Gecko) Chrome/90.0.4430.85 Safari/537.36 Edg/90.0.818.46"
5.161.113.195 - - [20/Jun/2026:04:09:07 +1000] "HEAD / HTTP/1.1" 200 0 "https://rateright.com.au" "Mozilla/5.0+(compatible; UptimeRobot/2.0; http://www.uptimerobot.com/)"
43.135.142.37 - - [20/Jun/2026:04:09:22 +1000] "GET / HTTP/1.1" 301 178 "-" "Mozilla/5.0 (iPhone; CPU iPhone OS 13_2_3 like Mac OS X) AppleWebKit/605.1.15 (KHTML, like Gecko) Version/13.0.3 Mobile/15E148 Safari/604.1"
43.135.142.37 - - [20/Jun/2026:04:09:24 +1000] "GET / HTTP/1.1" 301 178 "http://www.rateright.com.au" "Mozilla/5.0 (iPhone; CPU iPhone OS 13_2_3 like Mac OS X) AppleWebKit/605.1.15 (KHTML, like Gecko) Version/13.0.3 Mobile/15E148 Safari/604.1"
43.135.142.37 - - [20/Jun/2026:04:09:25 +1000] "GET / HTTP/1.1" 200 12990 "https://www.rateright.com.au/" "Mozilla/5.0 (iPhone; CPU iPhone OS 13_2_3 like Mac OS X) AppleWebKit/605.1.15 (KHTML, like Gecko) Version/13.0.3 Mobile/15E148 Safari/604.1"
178.156.184.20 - - [20/Jun/2026:04:10:11 +1000] "HEAD / HTTP/1.1" 200 0 "https://rateright.com.au" "Mozilla/5.0+(compatible; UptimeRobot/2.0; http://www.uptimerobot.com/)"
5.161.113.195 - - [20/Jun/2026:04:11:16 +1000] "HEAD / HTTP/1.1" 200 0 "https://rateright.com.au" "Mozilla/5.0+(compatible; UptimeRobot/2.0; http://www.uptimerobot.com/)"
3.133.226.214 - - [20/Jun/2026:04:12:22 +1000] "HEAD / HTTP/1.1" 200 0 "https://rateright.com.au" "Mozilla/5.0+(compatible; UptimeRobot/2.0; http://www.uptimerobot.com/)"
54.87.112.51 - - [20/Jun/2026:04:13:28 +1000] "HEAD / HTTP/1.1" 200 0 "https://rateright.com.au" "Mozilla/5.0+(compatible; UptimeRobot/2.0; http://www.uptimerobot.com/)"
3.133.226.214 - - [20/Jun/2026:04:14:33 +1000] "HEAD / HTTP/1.1" 200 0 "https://rateright.com.au" "Mozilla/5.0+(compatible; UptimeRobot/2.0; http://www.uptimerobot.com/)"
165.154.206.35 - - [20/Jun/2026:04:14:42 +1000] "\xFF\x00\x00\x00\x00\x00\x00\x00\x00\x7F\x03\x01NULL\x00\x00\x00\x00\x00\x00\x00\x00\x00\x00\x00\x00\x00\x00\x00\x00\x00\x00\x00\x00\x00\x00\x00\x00\x00\x00\x00\x00\x00\x00\x00\x00\x00\x00\x00\x00\x00\x00\x00\x00\x00\x00\x00\x00\x00\x00\x00\x00" 400 166 "-" "-"
165.154.206.35 - - [20/Jun/2026:04:14:43 +1000] "\xFF\x00\x00\x00\x00\x00\x00\x00\x00\x7F\x03\x01NULL\x00\x00\x00\x00\x00\x00\x00\x00\x00\x00\x00\x00\x00\x00\x00\x00\x00\x00\x00\x00\x00\x00\x00\x00\x00\x00\x00\x00\x00\x00\x00\x00\x00\x00\x00\x00\x00\x00\x00\x00\x00\x00\x00\x00\x00\x00\x00\x00" 400 166 "-" "-"
165.154.206.35 - - [20/Jun/2026:04:14:45 +1000] "\xFF\x00\x00\x00\x00\x00\x00\x00\x00\x7F\x03\x01NULL\x00\x00\x00\x00\x00\x00\x00\x00\x00\x00\x00\x00\x00\x00\x00\x00\x00\x00\x00\x00\x00\x00\x00\x00\x00\x00\x00\x00\x00\x00\x00\x00\x00\x00\x00\x00\x00\x00\x00\x00\x00\x00\x00\x00\x00\x00\x00\x00" 400 166 "-" "-"
165.154.206.35 - - [20/Jun/2026:04:14:54 +1000] "GET /version HTTP/1.1" 404 162 "-" "-"
165.154.206.35 - - [20/Jun/2026:04:14:54 +1000] "GET / HTTP/1.1" 404 162 "-" "-"
165.154.206.35 - - [20/Jun/2026:04:14:54 +1000] "GET / HTTP/1.1" 404 162 "-" "-"
165.154.206.35 - - [20/Jun/2026:04:14:54 +1000] "GET /v1 HTTP/1.1" 404 162 "-" "-"
165.154.206.35 - - [20/Jun/2026:04:14:55 +1000] "GET / HTTP/1.1" 404 162 "-" "-"
165.154.206.35 - - [20/Jun/2026:04:14:56 +1000] "GET / HTTP/1.1" 404 564 "-" "Mozilla/5.0 (Windows NT 6.1) AppleWebKit/537.36 (KHTML, like Gecko) Chrome/49.0.2623.112 Safari/537.36"
165.154.206.35 - - [20/Jun/2026:04:14:56 +1000] "GET /favicon.ico HTTP/1.1" 404 564 "http://134.199.153.159:80" "Mozilla/5.0 (Windows NT 6.1) AppleWebKit/537.36 (KHTML, like Gecko) Chrome/49.0.2623.112 Safari/537.36"
178.156.181.172 - - [20/Jun/2026:04:15:40 +1000] "HEAD / HTTP/1.1" 200 0 "https://rateright.com.au" "Mozilla/5.0+(compatible; UptimeRobot/2.0; http://www.uptimerobot.com/)"
45.198.224.21 - - [20/Jun/2026:04:15:50 +1000] "GET / HTTP/1.1" 404 162 "-" "-"
178.156.189.249 - - [20/Jun/2026:04:16:47 +1000] "HEAD / HTTP/1.1" 200 0 "https://rateright.com.au" "Mozilla/5.0+(compatible; UptimeRobot/2.0; http://www.uptimerobot.com/)"
34.198.201.66 - - [20/Jun/2026:04:17:56 +1000] "HEAD / HTTP/1.1" 200 0 "https://rateright.com.au" "Mozilla/5.0+(compatible; UptimeRobot/2.0; http://www.uptimerobot.com/)"
35.240.200.42 - - [20/Jun/2026:04:18:13 +1000] "GET /api/admin/activity HTTP/1.1" 404 4590 "-" "node"
52.15.147.27 - - [20/Jun/2026:04:19:03 +1000] "HEAD / HTTP/1.1" 200 0 "https://rateright.com.au" "Mozilla/5.0+(compatible; UptimeRobot/2.0; http://www.uptimerobot.com/)"
5.161.75.7 - - [20/Jun/2026:04:20:09 +1000] "HEAD / HTTP/1.1" 200 0 "https://rateright.com.au" "Mozilla/5.0+(compatible; UptimeRobot/2.0; http://www.uptimerobot.com/)"
34.198.201.66 - - [20/Jun/2026:04:21:12 +1000] "HEAD / HTTP/1.1" 200 0 "https://rateright.com.au" "Mozilla/5.0+(compatible; UptimeRobot/2.0; http://www.uptimerobot.com/)"
5.161.117.52 - - [20/Jun/2026:04:22:18 +1000] "HEAD / HTTP/1.1" 200 0 "https://rateright.com.au" "Mozilla/5.0+(compatible; UptimeRobot/2.0; http://www.uptimerobot.com/)"
3.12.251.153 - - [20/Jun/2026:04:23:23 +1000] "HEAD / HTTP/1.1" 200 0 "https://rateright.com.au" "Mozilla/5.0+(compatible; UptimeRobot/2.0; http://www.uptimerobot.com/)"
54.87.112.51 - - [20/Jun/2026:04:24:27 +1000] "HEAD / HTTP/1.1" 200 0 "https://rateright.com.au" "Mozilla/5.0+(compatible; UptimeRobot/2.0; http://www.uptimerobot.com/)"
3.212.128.62 - - [20/Jun/2026:04:25:32 +1000] "HEAD / HTTP/1.1" 200 0 "https://rateright.com.au" "Mozilla/5.0+(compatible; UptimeRobot/2.0; http://www.uptimerobot.com/)"
198.235.24.49 - - [20/Jun/2026:04:26:37 +1000] "GET / HTTP/1.1" 404 134 "-" "Hello from Palo Alto Networks, find out more about our scans in https://docs-cortex.paloaltonetworks.com/r/1/Cortex-Xpanse/Scanning-activity"
52.22.236.30 - - [20/Jun/2026:04:26:37 +1000] "HEAD / HTTP/1.1" 200 0 "https://rateright.com.au" "Mozilla/5.0+(compatible; UptimeRobot/2.0; http://www.uptimerobot.com/)"
43.159.152.187 - - [20/Jun/2026:04:27:18 +1000] "GET /auth/login HTTP/1.1" 200 5270 "-" "Mozilla/5.0 (iPhone; CPU iPhone OS 13_2_3 like Mac OS X) AppleWebKit/605.1.15 (KHTML, like Gecko) Version/13.0.3 Mobile/15E148 Safari/604.1"
5.161.75.7 - - [20/Jun/2026:04:27:42 +1000] "HEAD / HTTP/1.1" 200 0 "https://rateright.com.au" "Mozilla/5.0+(compatible; UptimeRobot/2.0; http://www.uptimerobot.com/)"
5.161.194.92 - - [20/Jun/2026:04:28:48 +1000] "HEAD / HTTP/1.1" 200 0 "https://rateright.com.au" "Mozilla/5.0+(compatible; UptimeRobot/2.0; http://www.uptimerobot.com/)"
54.167.223.174 - - [20/Jun/2026:04:29:52 +1000] "HEAD / HTTP/1.1" 200 0 "https://rateright.com.au" "Mozilla/5.0+(compatible; UptimeRobot/2.0; http://www.uptimerobot.com/)"
5.161.177.47 - - [20/Jun/2026:04:31:01 +1000] "HEAD / HTTP/1.1" 200 0 "https://rateright.com.au" "Mozilla/5.0+(compatible; UptimeRobot/2.0; http://www.uptimerobot.com/)"
5.161.194.92 - - [20/Jun/2026:04:32:05 +1000] "HEAD / HTTP/1.1" 200 0 "https://rateright.com.au" "Mozilla/5.0+(compatible; UptimeRobot/2.0; http://www.uptimerobot.com/)"
77.83.39.197 - - [20/Jun/2026:04:32:55 +1000] "GET /.env HTTP/1.1" 200 519 "-" "Mozilla/5.0 (Linux; U; Android 1.0; en-us; dream) AppleWebKit/525.10  (KHTML, like Gecko) Version/3.0.4 Mobile Safari/523.12.2"
77.83.39.197 - - [20/Jun/2026:04:33:05 +1000] "GET /.env HTTP/1.1" 200 519 "-" "Mozilla/4.0 (compatible; MSIE 6.0; Windows 98; PalmSource/hspr-H102; Blazer/4.0) 16;320x320"
35.240.200.42 - - [20/Jun/2026:04:33:13 +1000] "GET /api/admin/activity HTTP/1.1" 404 4585 "-" "node"
178.156.181.172 - - [20/Jun/2026:04:33:15 +1000] "HEAD / HTTP/1.1" 200 0 "https://rateright.com.au" "Mozilla/5.0+(compatible; UptimeRobot/2.0; http://www.uptimerobot.com/)"
34.198.201.66 - - [20/Jun/2026:04:34:19 +1000] "HEAD / HTTP/1.1" 200 0 "https://rateright.com.au" "Mozilla/5.0+(compatible; UptimeRobot/2.0; http://www.uptimerobot.com/)"
43.165.174.53 - - [20/Jun/2026:04:34:37 +1000] "GET /contractor/signup HTTP/1.1" 200 8225 "-" "Mozilla/5.0 (iPhone; CPU iPhone OS 13_2_3 like Mac OS X) AppleWebKit/605.1.15 (KHTML, like Gecko) Version/13.0.3 Mobile/15E148 Safari/604.1"
54.87.112.51 - - [20/Jun/2026:04:35:25 +1000] "HEAD / HTTP/1.1" 200 0 "https://rateright.com.au" "Mozilla/5.0+(compatible; UptimeRobot/2.0; http://www.uptimerobot.com/)"
178.156.189.249 - - [20/Jun/2026:04:36:32 +1000] "HEAD / HTTP/1.1" 200 0 "https://rateright.com.au" "Mozilla/5.0+(compatible; UptimeRobot/2.0; http://www.uptimerobot.com/)"
18.116.205.62 - - [20/Jun/2026:04:37:38 +1000] "HEAD / HTTP/1.1" 200 0 "https://rateright.com.au" "Mozilla/5.0+(compatible; UptimeRobot/2.0; http://www.uptimerobot.com/)"
5.161.113.195 - - [20/Jun/2026:04:38:43 +1000] "HEAD / HTTP/1.1" 200 0 "https://rateright.com.au" "Mozilla/5.0+(compatible; UptimeRobot/2.0; http://www.uptimerobot.com/)"
3.149.57.90 - - [20/Jun/2026:04:39:53 +1000] "HEAD / HTTP/1.1" 200 0 "https://rateright.com.au" "Mozilla/5.0+(compatible; UptimeRobot/2.0; http://www.uptimerobot.com/)"
54.167.223.174 - - [20/Jun/2026:04:40:58 +1000] "HEAD / HTTP/1.1" 200 0 "https://rateright.com.au" "Mozilla/5.0+(compatible; UptimeRobot/2.0; http://www.uptimerobot.com/)"
62.210.142.164 - - [20/Jun/2026:04:40:59 +1000] "GET / HTTP/1.0" 301 178 "-" "Mozilla/5.0 (compatible; GenomeCrawlerd/1.0; +https://www.nokia.com/genomecrawler)"
5.161.117.52 - - [20/Jun/2026:04:42:09 +1000] "HEAD / HTTP/1.1" 200 0 "https://rateright.com.au" "Mozilla/5.0+(compatible; UptimeRobot/2.0; http://www.uptimerobot.com/)"
62.210.142.164 - - [20/Jun/2026:04:42:17 +1000] "\x16\x03\x01\x00\xFD\x01\x00\x00\xF9\x03\x03\xDF\xDC\x81\xB0Y\xFF5rS0\xD8J\xFF\x9A\xA3V\x81v1\xD8\xACh\x81Y\x02\xDD\xA8\xDA\xC1\xC8\xFD\x04 \xF9\x8F<=\xF9d\xE4)J\xB3\xD4,X\xBF\xBC\xD5\xFBh[\xB84\xE0\xD5|p,\xF6\xED\xBE\xE7\x93\x85\x00&\xCC\xA8\xCC\xA9\xC0/\xC00\xC0+\xC0,\xC0\x13\xC0\x09\xC0\x14\xC0" 400 166 "-" "-"
62.210.142.164 - - [20/Jun/2026:04:42:24 +1000] "GET / HTTP/1.1" 404 134 "-" "Mozilla/5.0 (compatible; GenomeCrawlerd/1.0; +https://www.nokia.com/genomecrawler)"
62.210.142.164 - - [20/Jun/2026:04:42:24 +1000] "GET /manage/account/login HTTP/1.1" 404 134 "-" "Mozilla/5.0 (compatible; GenomeCrawlerd/1.0; +https://www.nokia.com/genomecrawler)"
62.210.142.164 - - [20/Jun/2026:04:42:24 +1000] "GET /admin/index.html HTTP/1.1" 404 134 "-" "Mozilla/5.0 (compatible; GenomeCrawlerd/1.0; +https://www.nokia.com/genomecrawler)"
62.210.142.164 - - [20/Jun/2026:04:42:24 +1000] "GET /index.html HTTP/1.1" 404 134 "-" "Mozilla/5.0 (compatible; GenomeCrawlerd/1.0; +https://www.nokia.com/genomecrawler)"
62.210.142.164 - - [20/Jun/2026:04:42:25 +1000] "GET /+CSCOE+/logon.html HTTP/1.1" 404 134 "-" "Mozilla/5.0 (compatible; GenomeCrawlerd/1.0; +https://www.nokia.com/genomecrawler)"
62.210.142.164 - - [20/Jun/2026:04:42:25 +1000] "GET /cgi-bin/login.cgi HTTP/1.1" 404 134 "-" "Mozilla/5.0 (compatible; GenomeCrawlerd/1.0; +https://www.nokia.com/genomecrawler)"
62.210.142.164 - - [20/Jun/2026:04:42:25 +1000] "GET /login.htm HTTP/1.1" 404 134 "-" "Mozilla/5.0 (compatible; GenomeCrawlerd/1.0; +https://www.nokia.com/genomecrawler)"
62.210.142.164 - - [20/Jun/2026:04:42:25 +1000] "GET /login.html HTTP/1.1" 404 134 "-" "Mozilla/5.0 (compatible; GenomeCrawlerd/1.0; +https://www.nokia.com/genomecrawler)"
62.210.142.164 - - [20/Jun/2026:04:42:26 +1000] "GET /login.jsp HTTP/1.1" 404 134 "-" "Mozilla/5.0 (compatible; GenomeCrawlerd/1.0; +https://www.nokia.com/genomecrawler)"
62.210.142.164 - - [20/Jun/2026:04:42:26 +1000] "GET /login HTTP/1.1" 404 134 "-" "Mozilla/5.0 (compatible; GenomeCrawlerd/1.0; +https://www.nokia.com/genomecrawler)"
62.210.142.164 - - [20/Jun/2026:04:42:26 +1000] "GET /doc/index.html HTTP/1.1" 404 134 "-" "Mozilla/5.0 (compatible; GenomeCrawlerd/1.0; +https://www.nokia.com/genomecrawler)"
62.210.142.164 - - [20/Jun/2026:04:42:26 +1000] "GET /remote/login HTTP/1.1" 404 134 "-" "Mozilla/5.0 (compatible; GenomeCrawlerd/1.0; +https://www.nokia.com/genomecrawler)"
62.210.142.164 - - [20/Jun/2026:04:42:27 +1000] "GET /admin/login.asp HTTP/1.1" 404 134 "-" "Mozilla/5.0 (compatible; GenomeCrawlerd/1.0; +https://www.nokia.com/genomecrawler)"
62.210.142.164 - - [20/Jun/2026:04:42:27 +1000] "GET /web/ HTTP/1.1" 404 134 "-" "Mozilla/5.0 (compatible; GenomeCrawlerd/1.0; +https://www.nokia.com/genomecrawler)"
62.210.142.164 - - [20/Jun/2026:04:42:27 +1000] "GET /webpages/login.html HTTP/1.1" 404 134 "-" "Mozilla/5.0 (compatible; GenomeCrawlerd/1.0; +https://www.nokia.com/genomecrawler)"
62.210.142.164 - - [20/Jun/2026:04:42:28 +1000] "GET /favicon.ico HTTP/1.1" 404 134 "-" "Mozilla/5.0 (compatible; GenomeCrawlerd/1.0; +https://www.nokia.com/genomecrawler)"
178.156.185.127 - - [20/Jun/2026:04:43:13 +1000] "HEAD / HTTP/1.1" 200 0 "https://rateright.com.au" "Mozilla/5.0+(compatible; UptimeRobot/2.0; http://www.uptimerobot.com/)"
198.11.178.150 - - [20/Jun/2026:04:43:20 +1000] "POST /cgi-bin/.%2e/.%2e/.%2e/.%2e/.%2e/.%2e/.%2e/.%2e/.%2e/.%2e/bin/sh HTTP/1.1" 400 166 "-" "-"
3.133.226.214 - - [20/Jun/2026:04:44:18 +1000] "HEAD / HTTP/1.1" 200 0 "https://rateright.com.au" "Mozilla/5.0+(compatible; UptimeRobot/2.0; http://www.uptimerobot.com/)"
43.135.142.7 - - [20/Jun/2026:04:45:23 +1000] "GET /worker/signup HTTP/1.1" 200 8301 "-" "Mozilla/5.0 (iPhone; CPU iPhone OS 13_2_3 like Mac OS X) AppleWebKit/605.1.15 (KHTML, like Gecko) Version/13.0.3 Mobile/15E148 Safari/604.1"
5.161.194.92 - - [20/Jun/2026:04:45:23 +1000] "HEAD / HTTP/1.1" 200 0 "https://rateright.com.au" "Mozilla/5.0+(compatible; UptimeRobot/2.0; http://www.uptimerobot.com/)"
5.161.117.52 - - [20/Jun/2026:04:46:28 +1000] "HEAD / HTTP/1.1" 200 0 "https://rateright.com.au" "Mozilla/5.0+(compatible; UptimeRobot/2.0; http://www.uptimerobot.com/)"
5.161.75.7 - - [20/Jun/2026:04:47:33 +1000] "HEAD / HTTP/1.1" 200 0 "https://rateright.com.au" "Mozilla/5.0+(compatible; UptimeRobot/2.0; http://www.uptimerobot.com/)"
35.240.200.42 - - [20/Jun/2026:04:48:12 +1000] "GET /api/admin/activity HTTP/1.1" 404 4590 "-" "node"
178.156.189.113 - - [20/Jun/2026:04:48:38 +1000] "HEAD / HTTP/1.1" 200 0 "https://rateright.com.au" "Mozilla/5.0+(compatible; UptimeRobot/2.0; http://www.uptimerobot.com/)"
178.156.185.127 - - [20/Jun/2026:04:49:43 +1000] "HEAD / HTTP/1.1" 200 0 "https://rateright.com.au" "Mozilla/5.0+(compatible; UptimeRobot/2.0; http://www.uptimerobot.com/)"
3.20.63.178 - - [20/Jun/2026:04:50:48 +1000] "HEAD / HTTP/1.1" 200 0 "https://rateright.com.au" "Mozilla/5.0+(compatible; UptimeRobot/2.0; http://www.uptimerobot.com/)"
5.161.75.7 - - [20/Jun/2026:04:51:53 +1000] "HEAD / HTTP/1.1" 200 0 "https://rateright.com.au" "Mozilla/5.0+(compatible; UptimeRobot/2.0; http://www.uptimerobot.com/)"
52.15.147.27 - - [20/Jun/2026:04:52:59 +1000] "HEAD / HTTP/1.1" 200 0 "https://rateright.com.au" "Mozilla/5.0+(compatible; UptimeRobot/2.0; http://www.uptimerobot.com/)"
178.156.185.231 - - [20/Jun/2026:04:54:07 +1000] "HEAD / HTTP/1.1" 200 0 "https://rateright.com.au" "Mozilla/5.0+(compatible; UptimeRobot/2.0; http://www.uptimerobot.com/)"
5.161.113.195 - - [20/Jun/2026:04:55:12 +1000] "HEAD / HTTP/1.1" 200 0 "https://rateright.com.au" "Mozilla/5.0+(compatible; UptimeRobot/2.0; http://www.uptimerobot.com/)"
162.62.213.187 - - [20/Jun/2026:04:55:51 +1000] "GET /faq HTTP/1.1" 200 8493 "-" "Mozilla/5.0 (iPhone; CPU iPhone OS 13_2_3 like Mac OS X) AppleWebKit/605.1.15 (KHTML, like Gecko) Version/13.0.3 Mobile/15E148 Safari/604.1"
178.156.187.238 - - [20/Jun/2026:04:56:20 +1000] "HEAD / HTTP/1.1" 200 0 "https://rateright.com.au" "Mozilla/5.0+(compatible; UptimeRobot/2.0; http://www.uptimerobot.com/)"
5.161.61.238 - - [20/Jun/2026:04:57:25 +1000] "HEAD / HTTP/1.1" 200 0 "https://rateright.com.au" "Mozilla/5.0+(compatible; UptimeRobot/2.0; http://www.uptimerobot.com/)"
3.20.63.178 - - [20/Jun/2026:04:58:35 +1000] "HEAD / HTTP/1.1" 200 0 "https://rateright.com.au" "Mozilla/5.0+(compatible; UptimeRobot/2.0; http://www.uptimerobot.com/)"
178.156.185.231 - - [20/Jun/2026:04:59:42 +1000] "HEAD / HTTP/1.1" 200 0 "https://rateright.com.au" "Mozilla/5.0+(compatible; UptimeRobot/2.0; http://www.uptimerobot.com/)"
54.167.223.174 - - [20/Jun/2026:05:00:47 +1000] "HEAD / HTTP/1.1" 200 0 "https://rateright.com.au" "Mozilla/5.0+(compatible; UptimeRobot/2.0; http://www.uptimerobot.com/)"
5.161.215.244 - - [20/Jun/2026:05:01:53 +1000] "HEAD / HTTP/1.1" 200 0 "https://rateright.com.au" "Mozilla/5.0+(compatible; UptimeRobot/2.0; http://www.uptimerobot.com/)"
3.212.128.62 - - [20/Jun/2026:05:02:59 +1000] "HEAD / HTTP/1.1" 200 0 "https://rateright.com.au" "Mozilla/5.0+(compatible; UptimeRobot/2.0; http://www.uptimerobot.com/)"
35.240.200.42 - - [20/Jun/2026:05:03:12 +1000] "GET /api/admin/activity HTTP/1.1" 404 4590 "-" "node"
5.161.194.92 - - [20/Jun/2026:05:04:04 +1000] "HEAD / HTTP/1.1" 200 0 "https://rateright.com.au" "Mozilla/5.0+(compatible; UptimeRobot/2.0; http://www.uptimerobot.com/)"
43.157.43.147 - - [20/Jun/2026:05:04:22 +1000] "GET /auth/signup HTTP/1.1" 200 5979 "-" "Mozilla/5.0 (iPhone; CPU iPhone OS 13_2_3 like Mac OS X) AppleWebKit/605.1.15 (KHTML, like Gecko) Version/13.0.3 Mobile/15E148 Safari/604.1"
52.15.147.27 - - [20/Jun/2026:05:05:10 +1000] "HEAD / HTTP/1.1" 200 0 "https://rateright.com.au" "Mozilla/5.0+(compatible; UptimeRobot/2.0; http://www.uptimerobot.com/)"
54.167.223.174 - - [20/Jun/2026:05:06:15 +1000] "HEAD / HTTP/1.1" 200 0 "https://rateright.com.au" "Mozilla/5.0+(compatible; UptimeRobot/2.0; http://www.uptimerobot.com/)"
47.80.1.32 - - [20/Jun/2026:05:07:00 +1000] "GET / HTTP/1.1" 200 519 "-" "Go-http-client/1.1"
178.156.184.20 - - [20/Jun/2026:05:07:20 +1000] "HEAD / HTTP/1.1" 200 0 "https://rateright.com.au" "Mozilla/5.0+(compatible; UptimeRobot/2.0; http://www.uptimerobot.com/)"
5.161.73.160 - - [20/Jun/2026:05:08:28 +1000] "HEAD / HTTP/1.1" 200 0 "https://rateright.com.au" "Mozilla/5.0+(compatible; UptimeRobot/2.0; http://www.uptimerobot.com/)"
34.198.201.66 - - [20/Jun/2026:05:09:33 +1000] "HEAD / HTTP/1.1" 200 0 "https://rateright.com.au" "Mozilla/5.0+(compatible; UptimeRobot/2.0; http://www.uptimerobot.com/)"
5.161.215.244 - - [20/Jun/2026:05:10:41 +1000] "HEAD / HTTP/1.1" 200 0 "https://rateright.com.au" "Mozilla/5.0+(compatible; UptimeRobot/2.0; http://www.uptimerobot.com/)"
18.116.205.62 - - [20/Jun/2026:05:11:47 +1000] "HEAD / HTTP/1.1" 200 0 "https://rateright.com.au" "Mozilla/5.0+(compatible; UptimeRobot/2.0; http://www.uptimerobot.com/)"
5.161.194.92 - - [20/Jun/2026:05:12:53 +1000] "HEAD / HTTP/1.1" 200 0 "https://rateright.com.au" "Mozilla/5.0+(compatible; UptimeRobot/2.0; http://www.uptimerobot.com/)"
54.87.112.51 - - [20/Jun/2026:05:13:58 +1000] "HEAD / HTTP/1.1" 200 0 "https://rateright.com.au" "Mozilla/5.0+(compatible; UptimeRobot/2.0; http://www.uptimerobot.com/)"
3.149.57.90 - - [20/Jun/2026:05:15:04 +1000] "HEAD / HTTP/1.1" 200 0 "https://rateright.com.au" "Mozilla/5.0+(compatible; UptimeRobot/2.0; http://www.uptimerobot.com/)"
43.130.14.245 - - [20/Jun/2026:05:15:15 +1000] "GET /auth/forgot-password HTTP/1.1" 200 4945 "-" "Mozilla/5.0 (iPhone; CPU iPhone OS 13_2_3 like Mac OS X) AppleWebKit/605.1.15 (KHTML, like Gecko) Version/13.0.3 Mobile/15E148 Safari/604.1"
79.124.40.190 - - [20/Jun/2026:05:15:47 +1000] "GET /php/login.php HTTP/1.1" 200 519 "-" "Mozilla/5.0 (Windows NT 6.3; Win64; x64; rv:109.0) Gecko/20100101 Firefox/114.0"
5.161.177.47 - - [20/Jun/2026:05:16:09 +1000] "HEAD / HTTP/1.1" 200 0 "https://rateright.com.au" "Mozilla/5.0+(compatible; UptimeRobot/2.0; http://www.uptimerobot.com/)"
5.161.215.244 - - [20/Jun/2026:05:17:17 +1000] "HEAD / HTTP/1.1" 200 0 "https://rateright.com.au" "Mozilla/5.0+(compatible; UptimeRobot/2.0; http://www.uptimerobot.com/)"
35.240.200.42 - - [20/Jun/2026:05:18:12 +1000] "GET /api/admin/activity HTTP/1.1" 404 4590 "-" "node"
3.133.226.214 - - [20/Jun/2026:05:18:22 +1000] "HEAD / HTTP/1.1" 200 0 "https://rateright.com.au" "Mozilla/5.0+(compatible; UptimeRobot/2.0; http://www.uptimerobot.com/)"
91.92.241.196 - - [20/Jun/2026:05:19:14 +1000] "GET /.git/HEAD HTTP/1.1" 404 4590 "-" "Mozilla/5.0 (Windows NT 10.0; Win64; x64) AppleWebKit/537.36"
91.92.241.196 - - [20/Jun/2026:05:19:16 +1000] "GET /.git/config HTTP/1.1" 404 4590 "-" "Mozilla/5.0 (Windows NT 10.0; Win64; x64) AppleWebKit/537.36"
91.92.241.196 - - [20/Jun/2026:05:19:17 +1000] "GET /.git/HEAD HTTP/1.1" 301 178 "-" "Mozilla/5.0 (Windows NT 10.0; Win64; x64) AppleWebKit/537.36"
91.92.241.196 - - [20/Jun/2026:05:19:20 +1000] "GET /.git/config HTTP/1.1" 301 178 "-" "Mozilla/5.0 (Windows NT 10.0; Win64; x64) AppleWebKit/537.36"
5.161.194.92 - - [20/Jun/2026:05:19:27 +1000] "HEAD / HTTP/1.1" 200 0 "https://rateright.com.au" "Mozilla/5.0+(compatible; UptimeRobot/2.0; http://www.uptimerobot.com/)"
178.156.189.113 - - [20/Jun/2026:05:20:36 +1000] "HEAD / HTTP/1.1" 200 0 "https://rateright.com.au" "Mozilla/5.0+(compatible; UptimeRobot/2.0; http://www.uptimerobot.com/)"
176.65.139.66 - - [20/Jun/2026:05:21:08 +1000] "GET / HTTP/1.0" 404 162 "-" "Shodan-Pull/1.0"
5.161.194.92 - - [20/Jun/2026:05:21:47 +1000] "HEAD / HTTP/1.1" 200 0 "https://rateright.com.au" "Mozilla/5.0+(compatible; UptimeRobot/2.0; http://www.uptimerobot.com/)"
3.20.63.178 - - [20/Jun/2026:05:22:52 +1000] "HEAD / HTTP/1.1" 200 0 "https://rateright.com.au" "Mozilla/5.0+(compatible; UptimeRobot/2.0; http://www.uptimerobot.com/)"
18.116.205.62 - - [20/Jun/2026:05:23:56 +1000] "HEAD / HTTP/1.1" 200 0 "https://rateright.com.au" "Mozilla/5.0+(compatible; UptimeRobot/2.0; http://www.uptimerobot.com/)"
178.156.187.238 - - [20/Jun/2026:05:25:03 +1000] "HEAD / HTTP/1.1" 200 0 "https://rateright.com.au" "Mozilla/5.0+(compatible; UptimeRobot/2.0; http://www.uptimerobot.com/)"
178.156.181.172 - - [20/Jun/2026:05:26:07 +1000] "HEAD / HTTP/1.1" 200 0 "https://rateright.com.au" "Mozilla/5.0+(compatible; UptimeRobot/2.0; http://www.uptimerobot.com/)"
49.51.183.84 - - [20/Jun/2026:05:26:19 +1000] "GET /legal/terms-of-service HTTP/1.1" 200 5658 "-" "Mozilla/5.0 (iPhone; CPU iPhone OS 13_2_3 like Mac OS X) AppleWebKit/605.1.15 (KHTML, like Gecko) Version/13.0.3 Mobile/15E148 Safari/604.1"
52.15.147.27 - - [20/Jun/2026:05:27:17 +1000] "HEAD / HTTP/1.1" 200 0 "https://rateright.com.au" "Mozilla/5.0+(compatible; UptimeRobot/2.0; http://www.uptimerobot.com/)"
52.15.147.27 - - [20/Jun/2026:05:28:21 +1000] "HEAD / HTTP/1.1" 200 0 "https://rateright.com.au" "Mozilla/5.0+(compatible; UptimeRobot/2.0; http://www.uptimerobot.com/)"
18.116.205.62 - - [20/Jun/2026:05:29:28 +1000] "HEAD / HTTP/1.1" 200 0 "https://rateright.com.au" "Mozilla/5.0+(compatible; UptimeRobot/2.0; http://www.uptimerobot.com/)"
3.12.251.153 - - [20/Jun/2026:05:30:34 +1000] "HEAD / HTTP/1.1" 200 0 "https://rateright.com.au" "Mozilla/5.0+(compatible; UptimeRobot/2.0; http://www.uptimerobot.com/)"
5.161.117.52 - - [20/Jun/2026:05:31:43 +1000] "HEAD / HTTP/1.1" 200 0 "https://rateright.com.au" "Mozilla/5.0+(compatible; UptimeRobot/2.0; http://www.uptimerobot.com/)"
5.161.75.7 - - [20/Jun/2026:05:32:48 +1000] "HEAD / HTTP/1.1" 200 0 "https://rateright.com.au" "Mozilla/5.0+(compatible; UptimeRobot/2.0; http://www.uptimerobot.com/)"
35.240.200.42 - - [20/Jun/2026:05:33:12 +1000] "GET /api/admin/activity HTTP/1.1" 404 4590 "-" "node"
178.156.184.20 - - [20/Jun/2026:05:33:53 +1000] "HEAD / HTTP/1.1" 200 0 "https://rateright.com.au" "Mozilla/5.0+(compatible; UptimeRobot/2.0; http://www.uptimerobot.com/)"
178.156.181.172 - - [20/Jun/2026:05:34:58 +1000] "HEAD / HTTP/1.1" 200 0 "https://rateright.com.au" "Mozilla/5.0+(compatible; UptimeRobot/2.0; http://www.uptimerobot.com/)"
43.164.3.182 - - [20/Jun/2026:05:35:13 +1000] "GET /legal/privacy-policy HTTP/1.1" 200 5873 "-" "Mozilla/5.0 (iPhone; CPU iPhone OS 13_2_3 like Mac OS X) AppleWebKit/605.1.15 (KHTML, like Gecko) Version/13.0.3 Mobile/15E148 Safari/604.1"
5.161.75.7 - - [20/Jun/2026:05:36:08 +1000] "HEAD / HTTP/1.1" 200 0 "https://rateright.com.au" "Mozilla/5.0+(compatible; UptimeRobot/2.0; http://www.uptimerobot.com/)"
3.149.57.90 - - [20/Jun/2026:05:37:16 +1000] "HEAD / HTTP/1.1" 200 0 "https://rateright.com.au" "Mozilla/5.0+(compatible; UptimeRobot/2.0; http://www.uptimerobot.com/)"
172.70.243.86 - - [20/Jun/2026:05:37:18 +1000] "GET /wp-admin/install.php?step=1 HTTP/1.1" 301 178 "-" "http://rateright.com.au/wp-admin/install.php?step=1"
172.70.243.86 - - [20/Jun/2026:05:37:19 +1000] "GET /wp-admin/install.php?step=1 HTTP/1.1" 404 4590 "-" "http://rateright.com.au/wp-admin/install.php?step=1"
52.15.147.27 - - [20/Jun/2026:05:38:22 +1000] "HEAD / HTTP/1.1" 200 0 "https://rateright.com.au" "Mozilla/5.0+(compatible; UptimeRobot/2.0; http://www.uptimerobot.com/)"
118.26.111.107 - - [20/Jun/2026:05:38:54 +1000] "POST /cgi-bin/.%2e/.%2e/.%2e/.%2e/.%2e/.%2e/.%2e/.%2e/.%2e/.%2e/bin/sh HTTP/1.1" 400 166 "-" "-"
118.26.111.107 - - [20/Jun/2026:05:38:54 +1000] "POST /cgi-bin/%%32%65%%32%65/%%32%65%%32%65/%%32%65%%32%65/%%32%65%%32%65/%%32%65%%32%65/%%32%65%%32%65/%%32%65%%32%65/bin/sh HTTP/1.1" 400 166 "-" "-"
118.26.111.107 - - [20/Jun/2026:05:38:54 +1000] "POST /hello.world?%ADd+allow_url_include%3d1+%ADd+auto_prepend_file%3dphp://input HTTP/1.1" 404 162 "-" "libredtail-http"
118.26.111.107 - - [20/Jun/2026:05:38:54 +1000] "POST /?%ADd+allow_url_include%3d1+%ADd+auto_prepend_file%3dphp://input HTTP/1.1" 404 162 "-" "libredtail-http"
118.26.111.107 - - [20/Jun/2026:05:38:54 +1000] "GET /vendor/phpunit/phpunit/src/Util/PHP/eval-stdin.php HTTP/1.1" 404 162 "-" "libredtail-http"
118.26.111.107 - - [20/Jun/2026:05:38:54 +1000] "GET /vendor/phpunit/phpunit/Util/PHP/eval-stdin.php HTTP/1.1" 404 162 "-" "libredtail-http"
118.26.111.107 - - [20/Jun/2026:05:38:54 +1000] "GET /vendor/phpunit/src/Util/PHP/eval-stdin.php HTTP/1.1" 404 162 "-" "libredtail-http"
118.26.111.107 - - [20/Jun/2026:05:38:55 +1000] "GET /vendor/phpunit/Util/PHP/eval-stdin.php HTTP/1.1" 404 162 "-" "libredtail-http"
118.26.111.107 - - [20/Jun/2026:05:38:55 +1000] "GET /vendor/phpunit/phpunit/LICENSE/eval-stdin.php HTTP/1.1" 404 162 "-" "libredtail-http"
118.26.111.107 - - [20/Jun/2026:05:38:55 +1000] "GET /vendor/vendor/phpunit/phpunit/src/Util/PHP/eval-stdin.php HTTP/1.1" 404 162 "-" "libredtail-http"
118.26.111.107 - - [20/Jun/2026:05:38:55 +1000] "GET /phpunit/phpunit/src/Util/PHP/eval-stdin.php HTTP/1.1" 404 162 "-" "libredtail-http"
118.26.111.107 - - [20/Jun/2026:05:38:55 +1000] "GET /phpunit/phpunit/Util/PHP/eval-stdin.php HTTP/1.1" 404 162 "-" "libredtail-http"
118.26.111.107 - - [20/Jun/2026:05:38:55 +1000] "GET /phpunit/src/Util/PHP/eval-stdin.php HTTP/1.1" 404 162 "-" "libredtail-http"
118.26.111.107 - - [20/Jun/2026:05:38:55 +1000] "GET /phpunit/Util/PHP/eval-stdin.php HTTP/1.1" 404 162 "-" "libredtail-http"
118.26.111.107 - - [20/Jun/2026:05:38:55 +1000] "GET /lib/phpunit/phpunit/src/Util/PHP/eval-stdin.php HTTP/1.1" 404 162 "-" "libredtail-http"
118.26.111.107 - - [20/Jun/2026:05:38:55 +1000] "GET /lib/phpunit/phpunit/Util/PHP/eval-stdin.php HTTP/1.1" 404 162 "-" "libredtail-http"
118.26.111.107 - - [20/Jun/2026:05:38:55 +1000] "GET /lib/phpunit/src/Util/PHP/eval-stdin.php HTTP/1.1" 404 162 "-" "libredtail-http"
118.26.111.107 - - [20/Jun/2026:05:38:56 +1000] "GET /lib/phpunit/Util/PHP/eval-stdin.php HTTP/1.1" 404 162 "-" "libredtail-http"
118.26.111.107 - - [20/Jun/2026:05:38:56 +1000] "GET /lib/vendor/phpunit/phpunit/src/Util/PHP/eval-stdin.php HTTP/1.1" 404 162 "-" "libredtail-http"
118.26.111.107 - - [20/Jun/2026:05:38:56 +1000] "GET /laravel/vendor/phpunit/phpunit/src/Util/PHP/eval-stdin.php HTTP/1.1" 404 162 "-" "libredtail-http"
118.26.111.107 - - [20/Jun/2026:05:38:56 +1000] "GET /www/vendor/phpunit/phpunit/src/Util/PHP/eval-stdin.php HTTP/1.1" 404 162 "-" "libredtail-http"
118.26.111.107 - - [20/Jun/2026:05:38:56 +1000] "GET /ws/vendor/phpunit/phpunit/src/Util/PHP/eval-stdin.php HTTP/1.1" 404 162 "-" "libredtail-http"
118.26.111.107 - - [20/Jun/2026:05:38:56 +1000] "GET /yii/vendor/phpunit/phpunit/src/Util/PHP/eval-stdin.php HTTP/1.1" 404 162 "-" "libredtail-http"
118.26.111.107 - - [20/Jun/2026:05:38:56 +1000] "GET /zend/vendor/phpunit/phpunit/src/Util/PHP/eval-stdin.php HTTP/1.1" 404 162 "-" "libredtail-http"
118.26.111.107 - - [20/Jun/2026:05:38:56 +1000] "GET /ws/ec/vendor/phpunit/phpunit/src/Util/PHP/eval-stdin.php HTTP/1.1" 404 162 "-" "libredtail-http"
118.26.111.107 - - [20/Jun/2026:05:38:56 +1000] "GET /V2/vendor/phpunit/phpunit/src/Util/PHP/eval-stdin.php HTTP/1.1" 404 162 "-" "libredtail-http"
118.26.111.107 - - [20/Jun/2026:05:38:56 +1000] "GET /tests/vendor/phpunit/phpunit/src/Util/PHP/eval-stdin.php HTTP/1.1" 404 162 "-" "libredtail-http"
118.26.111.107 - - [20/Jun/2026:05:38:57 +1000] "GET /test/vendor/phpunit/phpunit/src/Util/PHP/eval-stdin.php HTTP/1.1" 404 162 "-" "libredtail-http"
118.26.111.107 - - [20/Jun/2026:05:38:57 +1000] "GET /testing/vendor/phpunit/phpunit/src/Util/PHP/eval-stdin.php HTTP/1.1" 404 162 "-" "libredtail-http"
118.26.111.107 - - [20/Jun/2026:05:38:57 +1000] "GET /api/vendor/phpunit/phpunit/src/Util/PHP/eval-stdin.php HTTP/1.1" 404 162 "-" "libredtail-http"
118.26.111.107 - - [20/Jun/2026:05:38:57 +1000] "GET /demo/vendor/phpunit/phpunit/src/Util/PHP/eval-stdin.php HTTP/1.1" 404 162 "-" "libredtail-http"
118.26.111.107 - - [20/Jun/2026:05:38:57 +1000] "GET /cms/vendor/phpunit/phpunit/src/Util/PHP/eval-stdin.php HTTP/1.1" 404 162 "-" "libredtail-http"
118.26.111.107 - - [20/Jun/2026:05:38:57 +1000] "GET /crm/vendor/phpunit/phpunit/src/Util/PHP/eval-stdin.php HTTP/1.1" 404 162 "-" "libredtail-http"
118.26.111.107 - - [20/Jun/2026:05:38:57 +1000] "GET /admin/vendor/phpunit/phpunit/src/Util/PHP/eval-stdin.php HTTP/1.1" 404 162 "-" "libredtail-http"
118.26.111.107 - - [20/Jun/2026:05:38:57 +1000] "GET /backup/vendor/phpunit/phpunit/src/Util/PHP/eval-stdin.php HTTP/1.1" 404 162 "-" "libredtail-http"
118.26.111.107 - - [20/Jun/2026:05:38:57 +1000] "GET /blog/vendor/phpunit/phpunit/src/Util/PHP/eval-stdin.php HTTP/1.1" 404 162 "-" "libredtail-http"
118.26.111.107 - - [20/Jun/2026:05:38:57 +1000] "GET /workspace/drupal/vendor/phpunit/phpunit/src/Util/PHP/eval-stdin.php HTTP/1.1" 404 162 "-" "libredtail-http"
118.26.111.107 - - [20/Jun/2026:05:38:58 +1000] "GET /panel/vendor/phpunit/phpunit/src/Util/PHP/eval-stdin.php HTTP/1.1" 404 162 "-" "libredtail-http"
118.26.111.107 - - [20/Jun/2026:05:38:58 +1000] "GET /public/vendor/phpunit/phpunit/src/Util/PHP/eval-stdin.php HTTP/1.1" 404 162 "-" "libredtail-http"
118.26.111.107 - - [20/Jun/2026:05:38:58 +1000] "GET /apps/vendor/phpunit/phpunit/src/Util/PHP/eval-stdin.php HTTP/1.1" 404 162 "-" "libredtail-http"
118.26.111.107 - - [20/Jun/2026:05:38:58 +1000] "GET /app/vendor/phpunit/phpunit/src/Util/PHP/eval-stdin.php HTTP/1.1" 404 162 "-" "libredtail-http"
118.26.111.107 - - [20/Jun/2026:05:38:58 +1000] "GET /index.php?s=/index/\x5Cthink\x5Capp/invokefunction&function=call_user_func_array&vars[0]=md5&vars[1][]=Hello HTTP/1.1" 404 162 "-" "libredtail-http"
118.26.111.107 - - [20/Jun/2026:05:38:58 +1000] "GET /public/index.php?s=/index/\x5Cthink\x5Capp/invokefunction&function=call_user_func_array&vars[0]=md5&vars[1][]=Hello HTTP/1.1" 404 162 "-" "libredtail-http"
118.26.111.107 - - [20/Jun/2026:05:38:58 +1000] "GET /index.php?lang=../../../../../../../../usr/local/lib/php/pearcmd&+config-create+/&/<?echo(md5(\x22hi\x22));?>+/tmp/index1.php HTTP/1.1" 404 162 "-" "libredtail-http"
118.26.111.107 - - [20/Jun/2026:05:38:58 +1000] "GET /index.php?lang=../../../../../../../../tmp/index1 HTTP/1.1" 404 162 "-" "libredtail-http"
118.26.111.107 - - [20/Jun/2026:05:38:58 +1000] "GET /containers/json HTTP/1.1" 404 162 "-" "libredtail-http"
5.161.177.47 - - [20/Jun/2026:05:39:29 +1000] "HEAD / HTTP/1.1" 200 0 "https://rateright.com.au" "Mozilla/5.0+(compatible; UptimeRobot/2.0; http://www.uptimerobot.com/)"
5.161.61.238 - - [20/Jun/2026:05:40:34 +1000] "HEAD / HTTP/1.1" 200 0 "https://rateright.com.au" "Mozilla/5.0+(compatible; UptimeRobot/2.0; http://www.uptimerobot.com/)"
3.149.57.90 - - [20/Jun/2026:05:41:39 +1000] "HEAD / HTTP/1.1" 200 0 "https://rateright.com.au" "Mozilla/5.0+(compatible; UptimeRobot/2.0; http://www.uptimerobot.com/)"
3.12.251.153 - - [20/Jun/2026:05:42:44 +1000] "HEAD / HTTP/1.1" 200 0 "https://rateright.com.au" "Mozilla/5.0+(compatible; UptimeRobot/2.0; http://www.uptimerobot.com/)"
43.135.134.127 - - [20/Jun/2026:05:42:49 +1000] "GET / HTTP/1.1" 404 134 "-" "Mozilla/5.0 (iPhone; CPU iPhone OS 13_2_3 like Mac OS X) AppleWebKit/605.1.15 (KHTML, like Gecko) Version/13.0.3 Mobile/15E148 Safari/604.1"
52.87.72.16 - - [20/Jun/2026:05:43:52 +1000] "HEAD / HTTP/1.1" 200 0 "https://rateright.com.au" "Mozilla/5.0+(compatible; UptimeRobot/2.0; http://www.uptimerobot.com/)"
178.156.189.113 - - [20/Jun/2026:05:44:57 +1000] "HEAD / HTTP/1.1" 200 0 "https://rateright.com.au" "Mozilla/5.0+(compatible; UptimeRobot/2.0; http://www.uptimerobot.com/)"
3.133.226.214 - - [20/Jun/2026:05:46:07 +1000] "HEAD / HTTP/1.1" 200 0 "https://rateright.com.au" "Mozilla/5.0+(compatible; UptimeRobot/2.0; http://www.uptimerobot.com/)"
5.161.61.238 - - [20/Jun/2026:05:47:14 +1000] "HEAD / HTTP/1.1" 200 0 "https://rateright.com.au" "Mozilla/5.0+(compatible; UptimeRobot/2.0; http://www.uptimerobot.com/)"
35.240.200.42 - - [20/Jun/2026:05:48:12 +1000] "GET /api/admin/activity HTTP/1.1" 404 4590 "-" "node"
3.12.251.153 - - [20/Jun/2026:05:48:19 +1000] "HEAD / HTTP/1.1" 200 0 "https://rateright.com.au" "Mozilla/5.0+(compatible; UptimeRobot/2.0; http://www.uptimerobot.com/)"
195.96.139.23 - - [20/Jun/2026:05:48:33 +1000] "GET / HTTP/1.1" 200 519 "-" "Mozilla/5.0 (compatible; InternetMeasurement/1.0; +https://internet-measurement.com/)"
5.161.73.160 - - [20/Jun/2026:05:49:24 +1000] "HEAD / HTTP/1.1" 200 0 "https://rateright.com.au" "Mozilla/5.0+(compatible; UptimeRobot/2.0; http://www.uptimerobot.com/)"
3.212.128.62 - - [20/Jun/2026:05:50:30 +1000] "HEAD / HTTP/1.1" 200 0 "https://rateright.com.au" "Mozilla/5.0+(compatible; UptimeRobot/2.0; http://www.uptimerobot.com/)"
3.149.57.90 - - [20/Jun/2026:05:51:36 +1000] "HEAD / HTTP/1.1" 200 0 "https://rateright.com.au" "Mozilla/5.0+(compatible; UptimeRobot/2.0; http://www.uptimerobot.com/)"
178.156.181.172 - - [20/Jun/2026:05:52:41 +1000] "HEAD / HTTP/1.1" 200 0 "https://rateright.com.au" "Mozilla/5.0+(compatible; UptimeRobot/2.0; http://www.uptimerobot.com/)"
54.87.112.51 - - [20/Jun/2026:05:53:50 +1000] "HEAD / HTTP/1.1" 200 0 "https://rateright.com.au" "Mozilla/5.0+(compatible; UptimeRobot/2.0; http://www.uptimerobot.com/)"
3.20.63.178 - - [20/Jun/2026:05:54:55 +1000] "HEAD / HTTP/1.1" 200 0 "https://rateright.com.au" "Mozilla/5.0+(compatible; UptimeRobot/2.0; http://www.uptimerobot.com/)"
54.167.223.174 - - [20/Jun/2026:05:56:03 +1000] "HEAD / HTTP/1.1" 200 0 "https://rateright.com.au" "Mozilla/5.0+(compatible; UptimeRobot/2.0; http://www.uptimerobot.com/)"
5.161.194.92 - - [20/Jun/2026:05:57:08 +1000] "HEAD / HTTP/1.1" 200 0 "https://rateright.com.au" "Mozilla/5.0+(compatible; UptimeRobot/2.0; http://www.uptimerobot.com/)"
5.161.215.244 - - [20/Jun/2026:05:58:13 +1000] "HEAD / HTTP/1.1" 200 0 "https://rateright.com.au" "Mozilla/5.0+(compatible; UptimeRobot/2.0; http://www.uptimerobot.com/)"
5.161.117.52 - - [20/Jun/2026:05:59:21 +1000] "HEAD / HTTP/1.1" 200 0 "https://rateright.com.au" "Mozilla/5.0+(compatible; UptimeRobot/2.0; http://www.uptimerobot.com/)"
178.156.189.113 - - [20/Jun/2026:06:00:27 +1000] "HEAD / HTTP/1.1" 200 0 "https://rateright.com.au" "Mozilla/5.0+(compatible; UptimeRobot/2.0; http://www.uptimerobot.com/)"
3.12.251.153 - - [20/Jun/2026:06:01:32 +1000] "HEAD / HTTP/1.1" 200 0 "https://rateright.com.au" "Mozilla/5.0+(compatible; UptimeRobot/2.0; http://www.uptimerobot.com/)"
18.116.205.62 - - [20/Jun/2026:06:02:36 +1000] "HEAD / HTTP/1.1" 200 0 "https://rateright.com.au" "Mozilla/5.0+(compatible; UptimeRobot/2.0; http://www.uptimerobot.com/)"
35.240.200.42 - - [20/Jun/2026:06:03:12 +1000] "GET /api/admin/activity HTTP/1.1" 404 4590 "-" "node"
45.79.207.71 - - [20/Jun/2026:06:03:25 +1000] "GET / HTTP/1.1" 400 264 "-" "Mozilla/5.0 zgrab/0.x"
3.212.128.62 - - [20/Jun/2026:06:03:42 +1000] "HEAD / HTTP/1.1" 200 0 "https://rateright.com.au" "Mozilla/5.0+(compatible; UptimeRobot/2.0; http://www.uptimerobot.com/)"
3.20.63.178 - - [20/Jun/2026:06:04:49 +1000] "HEAD / HTTP/1.1" 200 0 "https://rateright.com.au" "Mozilla/5.0+(compatible; UptimeRobot/2.0; http://www.uptimerobot.com/)"
5.161.113.195 - - [20/Jun/2026:06:05:55 +1000] "HEAD / HTTP/1.1" 200 0 "https://rateright.com.au" "Mozilla/5.0+(compatible; UptimeRobot/2.0; http://www.uptimerobot.com/)"
198.74.56.6 - - [20/Jun/2026:06:06:44 +1000] "GET / HTTP/1.1" 200 519 "-" "Mozilla/5.0 (Macintosh; Intel Mac OS X 13_1) AppleWebKit/537.36 (KHTML, like Gecko) Chrome/108.0.0.0 Safari/537.36"
5.161.194.92 - - [20/Jun/2026:06:07:04 +1000] "HEAD / HTTP/1.1" 200 0 "https://rateright.com.au" "Mozilla/5.0+(compatible; UptimeRobot/2.0; http://www.uptimerobot.com/)"
52.15.147.27 - - [20/Jun/2026:06:08:11 +1000] "HEAD / HTTP/1.1" 200 0 "https://rateright.com.au" "Mozilla/5.0+(compatible; UptimeRobot/2.0; http://www.uptimerobot.com/)"
5.161.113.195 - - [20/Jun/2026:06:09:17 +1000] "HEAD / HTTP/1.1" 200 0 "https://rateright.com.au" "Mozilla/5.0+(compatible; UptimeRobot/2.0; http://www.uptimerobot.com/)"
77.83.39.14 - - [20/Jun/2026:06:10:02 +1000] "GET /.git/config HTTP/1.1" 200 519 "-" "Mozilla/5.0 (Windows NT 10.0; Win64; x64) AppleWebKit/537.36 (KHTML, like Gecko) Chrome/78.0.3881.0 Safari/537.36"
5.161.113.195 - - [20/Jun/2026:06:10:23 +1000] "HEAD / HTTP/1.1" 200 0 "https://rateright.com.au" "Mozilla/5.0+(compatible; UptimeRobot/2.0; http://www.uptimerobot.com/)"
3.149.57.90 - - [20/Jun/2026:06:11:31 +1000] "HEAD / HTTP/1.1" 200 0 "https://rateright.com.au" "Mozilla/5.0+(compatible; UptimeRobot/2.0; http://www.uptimerobot.com/)"
45.198.224.5 - - [20/Jun/2026:06:12:02 +1000] "GET /login HTTP/1.1" 404 134 "-" "Go-http-client/1.1"
18.116.205.62 - - [20/Jun/2026:06:12:37 +1000] "HEAD / HTTP/1.1" 200 0 "https://rateright.com.au" "Mozilla/5.0+(compatible; UptimeRobot/2.0; http://www.uptimerobot.com/)"
3.212.128.62 - - [20/Jun/2026:06:13:43 +1000] "HEAD / HTTP/1.1" 200 0 "https://rateright.com.au" "Mozilla/5.0+(compatible; UptimeRobot/2.0; http://www.uptimerobot.com/)"
178.156.184.20 - - [20/Jun/2026:06:14:48 +1000] "HEAD / HTTP/1.1" 200 0 "https://rateright.com.au" "Mozilla/5.0+(compatible; UptimeRobot/2.0; http://www.uptimerobot.com/)"
45.135.193.105 - - [20/Jun/2026:06:14:58 +1000] "CONNECT google.com:443 HTTP/1.1" 400 166 "-" "-"
3.12.251.153 - - [20/Jun/2026:06:15:54 +1000] "HEAD / HTTP/1.1" 200 0 "https://rateright.com.au" "Mozilla/5.0+(compatible; UptimeRobot/2.0; http://www.uptimerobot.com/)"
3.212.128.62 - - [20/Jun/2026:06:16:59 +1000] "HEAD / HTTP/1.1" 200 0 "https://rateright.com.au" "Mozilla/5.0+(compatible; UptimeRobot/2.0; http://www.uptimerobot.com/)"
178.156.189.113 - - [20/Jun/2026:06:18:04 +1000] "HEAD / HTTP/1.1" 200 0 "https://rateright.com.au" "Mozilla/5.0+(compatible; UptimeRobot/2.0; http://www.uptimerobot.com/)"
35.240.200.42 - - [20/Jun/2026:06:18:12 +1000] "GET /api/admin/activity HTTP/1.1" 404 4590 "-" "node"
40.77.167.60 - - [20/Jun/2026:06:18:43 +1000] "GET /sitemap.txt HTTP/1.1" 404 4585 "-" "Mozilla/5.0 AppleWebKit/537.36 (KHTML, like Gecko; compatible; bingbot/2.0; +http://www.bing.com/bingbot.htm) Chrome/116.0.1938.76 Safari/537.36"
34.198.201.66 - - [20/Jun/2026:06:19:09 +1000] "HEAD / HTTP/1.1" 200 0 "https://rateright.com.au" "Mozilla/5.0+(compatible; UptimeRobot/2.0; http://www.uptimerobot.com/)"
5.161.117.52 - - [20/Jun/2026:06:20:16 +1000] "HEAD / HTTP/1.1" 200 0 "https://rateright.com.au" "Mozilla/5.0+(compatible; UptimeRobot/2.0; http://www.uptimerobot.com/)"
18.116.205.62 - - [20/Jun/2026:06:21:21 +1000] "HEAD / HTTP/1.1" 200 0 "https://rateright.com.au" "Mozilla/5.0+(compatible; UptimeRobot/2.0; http://www.uptimerobot.com/)"
5.161.75.7 - - [20/Jun/2026:06:22:26 +1000] "HEAD / HTTP/1.1" 200 0 "https://rateright.com.au" "Mozilla/5.0+(compatible; UptimeRobot/2.0; http://www.uptimerobot.com/)"
178.156.187.238 - - [20/Jun/2026:06:23:35 +1000] "HEAD / HTTP/1.1" 200 0 "https://rateright.com.au" "Mozilla/5.0+(compatible; UptimeRobot/2.0; http://www.uptimerobot.com/)"
5.161.117.52 - - [20/Jun/2026:06:24:41 +1000] "HEAD / HTTP/1.1" 200 0 "https://rateright.com.au" "Mozilla/5.0+(compatible; UptimeRobot/2.0; http://www.uptimerobot.com/)"
203.83.11.193 - - [20/Jun/2026:06:25:09 +1000] "GET / HTTP/1.1" 404 134 "-" "Mozilla/5.0"
46.151.178.13 - - [20/Jun/2026:06:25:24 +1000] "PROPFIND / HTTP/1.1" 405 166 "http://134.199.153.159:443/" "-"
178.156.189.113 - - [20/Jun/2026:06:25:46 +1000] "HEAD / HTTP/1.1" 200 0 "https://rateright.com.au" "Mozilla/5.0+(compatible; UptimeRobot/2.0; http://www.uptimerobot.com/)"
5.161.177.47 - - [20/Jun/2026:06:26:53 +1000] "HEAD / HTTP/1.1" 200 0 "https://rateright.com.au" "Mozilla/5.0+(compatible; UptimeRobot/2.0; http://www.uptimerobot.com/)"
178.156.184.20 - - [20/Jun/2026:06:27:59 +1000] "HEAD / HTTP/1.1" 200 0 "https://rateright.com.au" "Mozilla/5.0+(compatible; UptimeRobot/2.0; http://www.uptimerobot.com/)"
5.161.61.238 - - [20/Jun/2026:06:29:04 +1000] "HEAD / HTTP/1.1" 200 0 "https://rateright.com.au" "Mozilla/5.0+(compatible; UptimeRobot/2.0; http://www.uptimerobot.com/)"
54.167.223.174 - - [20/Jun/2026:06:30:09 +1000] "HEAD / HTTP/1.1" 200 0 "https://rateright.com.au" "Mozilla/5.0+(compatible; UptimeRobot/2.0; http://www.uptimerobot.com/)"
5.161.113.195 - - [20/Jun/2026:06:31:15 +1000] "HEAD / HTTP/1.1" 200 0 "https://rateright.com.au" "Mozilla/5.0+(compatible; UptimeRobot/2.0; http://www.uptimerobot.com/)"
18.191.150.121 - - [20/Jun/2026:06:31:32 +1000] "GET / HTTP/1.1" 404 134 "-" "Go-http-client/1.1"
18.191.150.121 - - [20/Jun/2026:06:31:33 +1000] "GET / HTTP/1.1" 200 519 "-" "Go-http-client/1.1"
178.156.185.231 - - [20/Jun/2026:06:32:23 +1000] "HEAD / HTTP/1.1" 200 0 "https://rateright.com.au" "Mozilla/5.0+(compatible; UptimeRobot/2.0; http://www.uptimerobot.com/)"
35.240.200.42 - - [20/Jun/2026:06:33:12 +1000] "GET /api/admin/activity HTTP/1.1" 404 4590 "-" "node"
5.161.194.92 - - [20/Jun/2026:06:33:29 +1000] "HEAD / HTTP/1.1" 200 0 "https://rateright.com.au" "Mozilla/5.0+(compatible; UptimeRobot/2.0; http://www.uptimerobot.com/)"
5.161.113.195 - - [20/Jun/2026:06:34:34 +1000] "HEAD / HTTP/1.1" 200 0 "https://rateright.com.au" "Mozilla/5.0+(compatible; UptimeRobot/2.0; http://www.uptimerobot.com/)"
178.156.185.231 - - [20/Jun/2026:06:35:43 +1000] "HEAD / HTTP/1.1" 200 0 "https://rateright.com.au" "Mozilla/5.0+(compatible; UptimeRobot/2.0; http://www.uptimerobot.com/)"
178.156.184.20 - - [20/Jun/2026:06:36:47 +1000] "HEAD / HTTP/1.1" 200 0 "https://rateright.com.au" "Mozilla/5.0+(compatible; UptimeRobot/2.0; http://www.uptimerobot.com/)"
5.161.73.160 - - [20/Jun/2026:06:37:56 +1000] "HEAD / HTTP/1.1" 200 0 "https://rateright.com.au" "Mozilla/5.0+(compatible; UptimeRobot/2.0; http://www.uptimerobot.com/)"
146.56.197.150 - - [20/Jun/2026:06:38:07 +1000] "GET / HTTP/1.1" 301 178 "-" "Mozilla/5.0 (iPhone; CPU iPhone OS 13_2_3 like Mac OS X) AppleWebKit/605.1.15 (KHTML, like Gecko) Version/13.0.3 Mobile/15E148 Safari/604.1"
5.161.215.244 - - [20/Jun/2026:06:39:02 +1000] "HEAD / HTTP/1.1" 200 0 "https://rateright.com.au" "Mozilla/5.0+(compatible; UptimeRobot/2.0; http://www.uptimerobot.com/)"
178.156.189.249 - - [20/Jun/2026:06:40:09 +1000] "HEAD / HTTP/1.1" 200 0 "https://rateright.com.au" "Mozilla/5.0+(compatible; UptimeRobot/2.0; http://www.uptimerobot.com/)"
3.133.226.214 - - [20/Jun/2026:06:41:14 +1000] "HEAD / HTTP/1.1" 200 0 "https://rateright.com.au" "Mozilla/5.0+(compatible; UptimeRobot/2.0; http://www.uptimerobot.com/)"
178.156.189.249 - - [20/Jun/2026:06:42:19 +1000] "HEAD / HTTP/1.1" 200 0 "https://rateright.com.au" "Mozilla/5.0+(compatible; UptimeRobot/2.0; http://www.uptimerobot.com/)"
3.212.128.62 - - [20/Jun/2026:06:43:25 +1000] "HEAD / HTTP/1.1" 200 0 "https://rateright.com.au" "Mozilla/5.0+(compatible; UptimeRobot/2.0; http://www.uptimerobot.com/)"
5.161.73.160 - - [20/Jun/2026:06:44:34 +1000] "HEAD / HTTP/1.1" 200 0 "https://rateright.com.au" "Mozilla/5.0+(compatible; UptimeRobot/2.0; http://www.uptimerobot.com/)"
5.161.117.52 - - [20/Jun/2026:06:45:44 +1000] "HEAD / HTTP/1.1" 200 0 "https://rateright.com.au" "Mozilla/5.0+(compatible; UptimeRobot/2.0; http://www.uptimerobot.com/)"
5.161.117.52 - - [20/Jun/2026:06:46:49 +1000] "HEAD / HTTP/1.1" 200 0 "https://rateright.com.au" "Mozilla/5.0+(compatible; UptimeRobot/2.0; http://www.uptimerobot.com/)"
178.156.185.127 - - [20/Jun/2026:06:47:54 +1000] "HEAD / HTTP/1.1" 200 0 "https://rateright.com.au" "Mozilla/5.0+(compatible; UptimeRobot/2.0; http://www.uptimerobot.com/)"
35.240.200.42 - - [20/Jun/2026:06:48:12 +1000] "GET /api/admin/activity HTTP/1.1" 404 4590 "-" "node"
52.87.72.16 - - [20/Jun/2026:06:49:01 +1000] "HEAD / HTTP/1.1" 200 0 "https://rateright.com.au" "Mozilla/5.0+(compatible; UptimeRobot/2.0; http://www.uptimerobot.com/)"
3.212.128.62 - - [20/Jun/2026:06:50:07 +1000] "HEAD / HTTP/1.1" 200 0 "https://rateright.com.au" "Mozilla/5.0+(compatible; UptimeRobot/2.0; http://www.uptimerobot.com/)"
5.161.117.52 - - [20/Jun/2026:06:51:15 +1000] "HEAD / HTTP/1.1" 200 0 "https://rateright.com.au" "Mozilla/5.0+(compatible; UptimeRobot/2.0; http://www.uptimerobot.com/)"
5.161.215.244 - - [20/Jun/2026:06:52:22 +1000] "HEAD / HTTP/1.1" 200 0 "https://rateright.com.au" "Mozilla/5.0+(compatible; UptimeRobot/2.0; http://www.uptimerobot.com/)"
5.161.177.47 - - [20/Jun/2026:06:53:30 +1000] "HEAD / HTTP/1.1" 200 0 "https://rateright.com.au" "Mozilla/5.0+(compatible; UptimeRobot/2.0; http://www.uptimerobot.com/)"
