54.167.223.174 - - [20/Jun/2026:06:54:35 +1000] "HEAD / HTTP/1.1" 200 0 "https://rateright.com.au" "Mozilla/5.0+(compatible; UptimeRobot/2.0; http://www.uptimerobot.com/)"
80.66.83.43 - - [20/Jun/2026:06:55:08 +1000] "\x03\x00\x00/*\xE0\x00\x00\x00\x00\x00Cookie: mstshash=Administr" 400 166 "-" "-"
178.156.189.249 - - [20/Jun/2026:06:55:45 +1000] "HEAD / HTTP/1.1" 200 0 "https://rateright.com.au" "Mozilla/5.0+(compatible; UptimeRobot/2.0; http://www.uptimerobot.com/)"
3.212.128.62 - - [20/Jun/2026:06:56:50 +1000] "HEAD / HTTP/1.1" 200 0 "https://rateright.com.au" "Mozilla/5.0+(compatible; UptimeRobot/2.0; http://www.uptimerobot.com/)"
5.161.113.195 - - [20/Jun/2026:06:57:55 +1000] "HEAD / HTTP/1.1" 200 0 "https://rateright.com.au" "Mozilla/5.0+(compatible; UptimeRobot/2.0; http://www.uptimerobot.com/)"
45.79.207.252 - - [20/Jun/2026:06:59:01 +1000] "GET / HTTP/1.1" 404 134 "-" "Mozilla/5.0 zgrab/0.x"
5.161.177.47 - - [20/Jun/2026:06:59:02 +1000] "HEAD / HTTP/1.1" 200 0 "https://rateright.com.au" "Mozilla/5.0+(compatible; UptimeRobot/2.0; http://www.uptimerobot.com/)"
3.212.128.62 - - [20/Jun/2026:07:00:07 +1000] "HEAD / HTTP/1.1" 200 0 "https://rateright.com.au" "Mozilla/5.0+(compatible; UptimeRobot/2.0; http://www.uptimerobot.com/)"
3.20.63.178 - - [20/Jun/2026:07:01:12 +1000] "HEAD / HTTP/1.1" 200 0 "https://rateright.com.au" "Mozilla/5.0+(compatible; UptimeRobot/2.0; http://www.uptimerobot.com/)"
5.161.113.195 - - [20/Jun/2026:07:02:20 +1000] "HEAD / HTTP/1.1" 200 0 "https://rateright.com.au" "Mozilla/5.0+(compatible; UptimeRobot/2.0; http://www.uptimerobot.com/)"
35.240.200.42 - - [20/Jun/2026:07:03:12 +1000] "GET /api/admin/activity HTTP/1.1" 404 4590 "-" "node"
3.20.63.178 - - [20/Jun/2026:07:03:28 +1000] "HEAD / HTTP/1.1" 200 0 "https://rateright.com.au" "Mozilla/5.0+(compatible; UptimeRobot/2.0; http://www.uptimerobot.com/)"
5.161.75.7 - - [20/Jun/2026:07:04:32 +1000] "HEAD / HTTP/1.1" 200 0 "https://rateright.com.au" "Mozilla/5.0+(compatible; UptimeRobot/2.0; http://www.uptimerobot.com/)"
18.116.205.62 - - [20/Jun/2026:07:05:38 +1000] "HEAD / HTTP/1.1" 200 0 "https://rateright.com.au" "Mozilla/5.0+(compatible; UptimeRobot/2.0; http://www.uptimerobot.com/)"
54.87.112.51 - - [20/Jun/2026:07:06:47 +1000] "HEAD / HTTP/1.1" 200 0 "https://rateright.com.au" "Mozilla/5.0+(compatible; UptimeRobot/2.0; http://www.uptimerobot.com/)"
5.161.194.92 - - [20/Jun/2026:07:07:52 +1000] "HEAD / HTTP/1.1" 200 0 "https://rateright.com.au" "Mozilla/5.0+(compatible; UptimeRobot/2.0; http://www.uptimerobot.com/)"
5.133.192.187 - - [20/Jun/2026:07:08:45 +1000] "GET / HTTP/1.1" 301 178 "-" "Mozilla/5.0 (iPhone; CPU iPhone OS 16_3 like Mac OS X) AppleWebKit/605.1.15 (KHTML, like Gecko) CriOS/122.0.6261.89 Mobile/15E148 Safari/604"
192.36.198.80 - - [20/Jun/2026:07:08:45 +1000] "GET / HTTP/1.1" 200 12990 "http://rateright.com.au/" "Mozilla/5.0 (iPhone; CPU iPhone OS 16_3 like Mac OS X) AppleWebKit/605.1.15 (KHTML, like Gecko) CriOS/122.0.6261.89 Mobile/15E148 Safari/604"
52.15.147.27 - - [20/Jun/2026:07:09:01 +1000] "HEAD / HTTP/1.1" 200 0 "https://rateright.com.au" "Mozilla/5.0+(compatible; UptimeRobot/2.0; http://www.uptimerobot.com/)"
5.161.194.92 - - [20/Jun/2026:07:10:05 +1000] "HEAD / HTTP/1.1" 200 0 "https://rateright.com.au" "Mozilla/5.0+(compatible; UptimeRobot/2.0; http://www.uptimerobot.com/)"
3.212.128.62 - - [20/Jun/2026:07:11:10 +1000] "HEAD / HTTP/1.1" 200 0 "https://rateright.com.au" "Mozilla/5.0+(compatible; UptimeRobot/2.0; http://www.uptimerobot.com/)"
5.161.177.47 - - [20/Jun/2026:07:12:15 +1000] "HEAD / HTTP/1.1" 200 0 "https://rateright.com.au" "Mozilla/5.0+(compatible; UptimeRobot/2.0; http://www.uptimerobot.com/)"
178.156.189.113 - - [20/Jun/2026:07:13:20 +1000] "HEAD / HTTP/1.1" 200 0 "https://rateright.com.au" "Mozilla/5.0+(compatible; UptimeRobot/2.0; http://www.uptimerobot.com/)"
162.158.183.68 - - [20/Jun/2026:07:13:24 +1000] "GET /wp-admin/install.php?step=1 HTTP/1.1" 301 178 "-" "http://rateright.com.au/wp-admin/install.php?step=1"
162.158.183.67 - - [20/Jun/2026:07:13:25 +1000] "GET /wp-admin/install.php?step=1 HTTP/1.1" 404 4585 "-" "http://rateright.com.au/wp-admin/install.php?step=1"
5.161.194.92 - - [20/Jun/2026:07:14:25 +1000] "HEAD / HTTP/1.1" 200 0 "https://rateright.com.au" "Mozilla/5.0+(compatible; UptimeRobot/2.0; http://www.uptimerobot.com/)"
5.161.73.160 - - [20/Jun/2026:07:15:35 +1000] "HEAD / HTTP/1.1" 200 0 "https://rateright.com.au" "Mozilla/5.0+(compatible; UptimeRobot/2.0; http://www.uptimerobot.com/)"
47.250.153.197 - - [20/Jun/2026:07:15:38 +1000] "GET / HTTP/1.1" 404 162 "-" "curl/7.64.1"
47.250.153.197 - - [20/Jun/2026:07:15:41 +1000] "GET / HTTP/1.1" 404 134 "-" "curl/7.74.0"
3.133.226.214 - - [20/Jun/2026:07:16:40 +1000] "HEAD / HTTP/1.1" 200 0 "https://rateright.com.au" "Mozilla/5.0+(compatible; UptimeRobot/2.0; http://www.uptimerobot.com/)"
178.156.187.238 - - [20/Jun/2026:07:17:48 +1000] "HEAD / HTTP/1.1" 200 0 "https://rateright.com.au" "Mozilla/5.0+(compatible; UptimeRobot/2.0; http://www.uptimerobot.com/)"
35.240.200.42 - - [20/Jun/2026:07:18:13 +1000] "GET /api/admin/activity HTTP/1.1" 404 4590 "-" "node"
3.133.226.214 - - [20/Jun/2026:07:18:54 +1000] "HEAD / HTTP/1.1" 200 0 "https://rateright.com.au" "Mozilla/5.0+(compatible; UptimeRobot/2.0; http://www.uptimerobot.com/)"
135.119.96.127 - - [20/Jun/2026:07:19:04 +1000] "GET /autodiscover/autodiscover.json?@zdi/Powershell HTTP/1.1" 200 519 "-" "Mozilla/5.0 zgrab/0.x"
54.167.223.174 - - [20/Jun/2026:07:20:00 +1000] "HEAD / HTTP/1.1" 200 0 "https://rateright.com.au" "Mozilla/5.0+(compatible; UptimeRobot/2.0; http://www.uptimerobot.com/)"
178.156.189.113 - - [20/Jun/2026:07:21:05 +1000] "HEAD / HTTP/1.1" 200 0 "https://rateright.com.au" "Mozilla/5.0+(compatible; UptimeRobot/2.0; http://www.uptimerobot.com/)"
3.12.251.153 - - [20/Jun/2026:07:22:14 +1000] "HEAD / HTTP/1.1" 200 0 "https://rateright.com.au" "Mozilla/5.0+(compatible; UptimeRobot/2.0; http://www.uptimerobot.com/)"
18.116.205.62 - - [20/Jun/2026:07:23:20 +1000] "HEAD / HTTP/1.1" 200 0 "https://rateright.com.au" "Mozilla/5.0+(compatible; UptimeRobot/2.0; http://www.uptimerobot.com/)"
172.239.71.239 - - [20/Jun/2026:07:24:21 +1000] "GET / HTTP/1.1" 404 196 "-" "Mozilla/5.0 (Macintosh; Intel Mac OS X 13_1) AppleWebKit/537.36 (KHTML, like Gecko) Chrome/108.0.0.0 Safari/537.36"
54.87.112.51 - - [20/Jun/2026:07:24:28 +1000] "HEAD / HTTP/1.1" 200 0 "https://rateright.com.au" "Mozilla/5.0+(compatible; UptimeRobot/2.0; http://www.uptimerobot.com/)"
5.161.73.160 - - [20/Jun/2026:07:25:34 +1000] "HEAD / HTTP/1.1" 200 0 "https://rateright.com.au" "Mozilla/5.0+(compatible; UptimeRobot/2.0; http://www.uptimerobot.com/)"
54.167.223.174 - - [20/Jun/2026:07:26:40 +1000] "HEAD / HTTP/1.1" 200 0 "https://rateright.com.au" "Mozilla/5.0+(compatible; UptimeRobot/2.0; http://www.uptimerobot.com/)"
54.87.112.51 - - [20/Jun/2026:07:27:47 +1000] "HEAD / HTTP/1.1" 200 0 "https://rateright.com.au" "Mozilla/5.0+(compatible; UptimeRobot/2.0; http://www.uptimerobot.com/)"
176.65.139.66 - - [20/Jun/2026:07:28:37 +1000] "GET / HTTP/1.0" 404 162 "-" "Shodan-Pull/1.0"
178.156.185.231 - - [20/Jun/2026:07:28:51 +1000] "HEAD / HTTP/1.1" 200 0 "https://rateright.com.au" "Mozilla/5.0+(compatible; UptimeRobot/2.0; http://www.uptimerobot.com/)"
40.77.167.70 - - [20/Jun/2026:07:29:40 +1000] "GET /sitemap.txt HTTP/1.1" 404 4590 "-" "Mozilla/5.0 AppleWebKit/537.36 (KHTML, like Gecko; compatible; bingbot/2.0; +http://www.bing.com/bingbot.htm) Chrome/116.0.1938.76 Safari/537.36"
3.149.57.90 - - [20/Jun/2026:07:29:59 +1000] "HEAD / HTTP/1.1" 200 0 "https://rateright.com.au" "Mozilla/5.0+(compatible; UptimeRobot/2.0; http://www.uptimerobot.com/)"
85.217.149.68 - - [20/Jun/2026:07:31:00 +1000] "GET / HTTP/1.1" 200 519 "-" "Mozilla/5.0 (compatible; ModatScanner/1.2; +https://modat.io/)"
3.149.57.90 - - [20/Jun/2026:07:31:06 +1000] "HEAD / HTTP/1.1" 200 0 "https://rateright.com.au" "Mozilla/5.0+(compatible; UptimeRobot/2.0; http://www.uptimerobot.com/)"
3.12.251.153 - - [20/Jun/2026:07:32:12 +1000] "HEAD / HTTP/1.1" 200 0 "https://rateright.com.au" "Mozilla/5.0+(compatible; UptimeRobot/2.0; http://www.uptimerobot.com/)"
85.217.149.6 - - [20/Jun/2026:07:32:28 +1000] "GET / HTTP/1.1" 404 134 "-" "Mozilla/5.0 (compatible; ModatScanner/1.2; +https://modat.io/)"
35.240.200.42 - - [20/Jun/2026:07:33:12 +1000] "GET /api/admin/activity HTTP/1.1" 404 4590 "-" "node"
178.156.185.231 - - [20/Jun/2026:07:33:17 +1000] "HEAD / HTTP/1.1" 200 0 "https://rateright.com.au" "Mozilla/5.0+(compatible; UptimeRobot/2.0; http://www.uptimerobot.com/)"
178.156.185.231 - - [20/Jun/2026:07:34:22 +1000] "HEAD / HTTP/1.1" 200 0 "https://rateright.com.au" "Mozilla/5.0+(compatible; UptimeRobot/2.0; http://www.uptimerobot.com/)"
3.20.63.178 - - [20/Jun/2026:07:35:27 +1000] "HEAD / HTTP/1.1" 200 0 "https://rateright.com.au" "Mozilla/5.0+(compatible; UptimeRobot/2.0; http://www.uptimerobot.com/)"
3.149.57.90 - - [20/Jun/2026:07:36:33 +1000] "HEAD / HTTP/1.1" 200 0 "https://rateright.com.au" "Mozilla/5.0+(compatible; UptimeRobot/2.0; http://www.uptimerobot.com/)"
172.236.228.229 - - [20/Jun/2026:07:37:07 +1000] "GET / HTTP/1.1" 200 519 "-" "Mozilla/5.0 (Macintosh; Intel Mac OS X 13_1) AppleWebKit/537.36 (KHTML, like Gecko) Chrome/108.0.0.0 Safari/537.36"
52.22.236.30 - - [20/Jun/2026:07:37:39 +1000] "HEAD / HTTP/1.1" 200 0 "https://rateright.com.au" "Mozilla/5.0+(compatible; UptimeRobot/2.0; http://www.uptimerobot.com/)"
178.156.187.238 - - [20/Jun/2026:07:38:44 +1000] "HEAD / HTTP/1.1" 200 0 "https://rateright.com.au" "Mozilla/5.0+(compatible; UptimeRobot/2.0; http://www.uptimerobot.com/)"
5.161.117.52 - - [20/Jun/2026:07:39:51 +1000] "HEAD / HTTP/1.1" 200 0 "https://rateright.com.au" "Mozilla/5.0+(compatible; UptimeRobot/2.0; http://www.uptimerobot.com/)"
3.133.226.214 - - [20/Jun/2026:07:40:56 +1000] "HEAD / HTTP/1.1" 200 0 "https://rateright.com.au" "Mozilla/5.0+(compatible; UptimeRobot/2.0; http://www.uptimerobot.com/)"
5.161.61.238 - - [20/Jun/2026:07:42:04 +1000] "HEAD / HTTP/1.1" 200 0 "https://rateright.com.au" "Mozilla/5.0+(compatible; UptimeRobot/2.0; http://www.uptimerobot.com/)"
205.210.31.195 - - [20/Jun/2026:07:42:42 +1000] "\x16\x03\x01\x00\xCA\x01\x00\x00\xC6\x03\x03;i\xE6\x00;\xA8(a\xD6\x03\xB8v\x0Cu\xB2M\x8D\x05G:\xD1\xA5\x0B\x81\xAC\xCF=\x8E\xF4\xDAb\xF9\x00\x00h\xCC\x14\xCC\x13\xC0/\xC0+\xC00\xC0,\xC0\x11\xC0\x07\xC0'\xC0#\xC0\x13\xC0\x09\xC0(\xC0$\xC0\x14\xC0" 400 166 "-" "-"
205.210.31.195 - - [20/Jun/2026:07:42:42 +1000] "\x16\x03\x01\x00\xEE\x01\x00\x00\xEA\x03\x03\xC7\xB7\xD3k\xC9<\xEDC\xDC\x0B\xC1u\x93\xDE\xD5}dT\xFC\xF6\xF8\xEF\xD9\xA8\x8F\xB7\xE0\x84\xF0)am \x1E)\xAC\x98\xD2\xCF\xCC\xCE\x94\x10G\xCE\x97\xE2]M\xF2\x8B\xB7S\x0F\xBA-\x22\x84/\xA7X|\x5C$T\x00&\xC0+\xC0/\xC0,\xC00\xCC\xA9\xCC\xA8\xC0\x09\xC0\x13\xC0" 400 166 "-" "-"
5.161.215.244 - - [20/Jun/2026:07:43:09 +1000] "HEAD / HTTP/1.1" 200 0 "https://rateright.com.au" "Mozilla/5.0+(compatible; UptimeRobot/2.0; http://www.uptimerobot.com/)"
178.156.185.127 - - [20/Jun/2026:07:44:14 +1000] "HEAD / HTTP/1.1" 200 0 "https://rateright.com.au" "Mozilla/5.0+(compatible; UptimeRobot/2.0; http://www.uptimerobot.com/)"
178.156.189.113 - - [20/Jun/2026:07:45:19 +1000] "HEAD / HTTP/1.1" 200 0 "https://rateright.com.au" "Mozilla/5.0+(compatible; UptimeRobot/2.0; http://www.uptimerobot.com/)"
85.217.149.59 - - [20/Jun/2026:07:45:43 +1000] "GET / HTTP/1.1" 404 134 "-" "Mozilla/5.0 (compatible; ModatScanner/1.2; +https://modat.io/)"
85.217.149.59 - - [20/Jun/2026:07:46:00 +1000] "GET / HTTP/1.1" 200 519 "-" "Mozilla/5.0 (compatible; ModatScanner/1.2; +https://modat.io/)"
178.156.185.127 - - [20/Jun/2026:07:46:26 +1000] "HEAD / HTTP/1.1" 200 0 "https://rateright.com.au" "Mozilla/5.0+(compatible; UptimeRobot/2.0; http://www.uptimerobot.com/)"
178.156.187.238 - - [20/Jun/2026:07:47:32 +1000] "HEAD / HTTP/1.1" 200 0 "https://rateright.com.au" "Mozilla/5.0+(compatible; UptimeRobot/2.0; http://www.uptimerobot.com/)"
35.240.200.42 - - [20/Jun/2026:07:48:12 +1000] "GET /api/admin/activity HTTP/1.1" 404 4590 "-" "node"
5.161.194.92 - - [20/Jun/2026:07:48:37 +1000] "HEAD / HTTP/1.1" 200 0 "https://rateright.com.au" "Mozilla/5.0+(compatible; UptimeRobot/2.0; http://www.uptimerobot.com/)"
34.198.201.66 - - [20/Jun/2026:07:49:47 +1000] "HEAD / HTTP/1.1" 200 0 "https://rateright.com.au" "Mozilla/5.0+(compatible; UptimeRobot/2.0; http://www.uptimerobot.com/)"
52.87.72.16 - - [20/Jun/2026:07:50:53 +1000] "HEAD / HTTP/1.1" 200 0 "https://rateright.com.au" "Mozilla/5.0+(compatible; UptimeRobot/2.0; http://www.uptimerobot.com/)"
52.22.236.30 - - [20/Jun/2026:07:51:58 +1000] "HEAD / HTTP/1.1" 200 0 "https://rateright.com.au" "Mozilla/5.0+(compatible; UptimeRobot/2.0; http://www.uptimerobot.com/)"
52.22.236.30 - - [20/Jun/2026:07:53:06 +1000] "HEAD / HTTP/1.1" 200 0 "https://rateright.com.au" "Mozilla/5.0+(compatible; UptimeRobot/2.0; http://www.uptimerobot.com/)"
178.156.185.127 - - [20/Jun/2026:07:54:10 +1000] "HEAD / HTTP/1.1" 200 0 "https://rateright.com.au" "Mozilla/5.0+(compatible; UptimeRobot/2.0; http://www.uptimerobot.com/)"
16.58.56.214 - - [20/Jun/2026:07:55:03 +1000] "\x03\x00\x00+&\xE0\x00\x00\x00\x00\x00Cookie: mstshash=zgrab" 400 166 "-" "-"
178.156.181.172 - - [20/Jun/2026:07:55:16 +1000] "HEAD / HTTP/1.1" 200 0 "https://rateright.com.au" "Mozilla/5.0+(compatible; UptimeRobot/2.0; http://www.uptimerobot.com/)"
16.58.56.214 - - [20/Jun/2026:07:55:33 +1000] "GET / HTTP/1.1" 404 196 "-" "visionheight.com/scan Mozilla/5.0 (Macintosh; Intel Mac OS X 10_15_7) Chrome/126.0.0.0 Safari/537.36"
16.58.56.214 - - [20/Jun/2026:07:55:56 +1000] "\x16\x03\x01\x00\xEE\x01\x00\x00\xEA\x03\x03L\x97\xCA\xD2*.jX\xAF\xDD_\x0F\xEE\x16I\xBF\xE0\xB4\xE1\x94\x1B8\xA8]\xBB\xC9\xFD\x03\xDD\x0C\x9F\x13 \x93\x99\x06&\xC7|S\xA3\xF2}\xE1\xC8\xE1\xAD_B_\xCB\xD3\x02\x8C\xE4\xDB\x9BW\xCF\xFA0\x81\xAC\x8CY\x00&\xCC\xA8\xCC\xA9\xC0/\xC00\xC0+\xC0,\xC0\x13\xC0\x09\xC0\x14\xC0" 400 166 "-" "-"
178.156.185.127 - - [20/Jun/2026:07:56:21 +1000] "HEAD / HTTP/1.1" 200 0 "https://rateright.com.au" "Mozilla/5.0+(compatible; UptimeRobot/2.0; http://www.uptimerobot.com/)"
16.58.56.214 - - [20/Jun/2026:07:56:53 +1000] "\x16\x03\x01\x01\x00\x01\x00\x00\xFC\x03\x03Q" 400 166 "-" "-"
3.149.57.90 - - [20/Jun/2026:07:57:26 +1000] "HEAD / HTTP/1.1" 200 0 "https://rateright.com.au" "Mozilla/5.0+(compatible; UptimeRobot/2.0; http://www.uptimerobot.com/)"
16.58.56.214 - - [20/Jun/2026:07:57:29 +1000] "GET / HTTP/1.1" 404 196 "-" "visionheight.com/scan Mozilla/5.0 (Macintosh; Intel Mac OS X 10_15_7) Chrome/126.0.0.0 Safari/537.36"
5.161.117.52 - - [20/Jun/2026:07:58:33 +1000] "HEAD / HTTP/1.1" 200 0 "https://rateright.com.au" "Mozilla/5.0+(compatible; UptimeRobot/2.0; http://www.uptimerobot.com/)"
199.45.154.126 - - [20/Jun/2026:07:59:37 +1000] "GET / HTTP/1.1" 200 12990 "-" "Mozilla/5.0 (compatible; CensysInspect/1.1; +https://about.censys.io/)"
199.45.154.126 - - [20/Jun/2026:07:59:39 +1000] "GET /favicon.ico HTTP/1.1" 200 1858 "-" "Mozilla/5.0 (compatible; CensysInspect/1.1; +https://about.censys.io/)"
52.15.147.27 - - [20/Jun/2026:07:59:39 +1000] "HEAD / HTTP/1.1" 200 0 "https://rateright.com.au" "Mozilla/5.0+(compatible; UptimeRobot/2.0; http://www.uptimerobot.com/)"
199.45.154.126 - - [20/Jun/2026:07:59:41 +1000] "GET /favicon-16x16.png HTTP/1.1" 200 714 "-" "Mozilla/5.0 (compatible; CensysInspect/1.1; +https://about.censys.io/)"
199.45.154.126 - - [20/Jun/2026:07:59:42 +1000] "GET /favicon-32x32.png HTTP/1.1" 200 1823 "-" "Mozilla/5.0 (compatible; CensysInspect/1.1; +https://about.censys.io/)"
199.45.154.126 - - [20/Jun/2026:07:59:43 +1000] "GET /apple-touch-icon.png HTTP/1.1" 200 10984 "-" "Mozilla/5.0 (compatible; CensysInspect/1.1; +https://about.censys.io/)"
199.45.154.126 - - [20/Jun/2026:07:59:44 +1000] "GET /icon-192x192.png HTTP/1.1" 200 11957 "-" "Mozilla/5.0 (compatible; CensysInspect/1.1; +https://about.censys.io/)"
199.45.154.126 - - [20/Jun/2026:07:59:45 +1000] "GET /icon-512x512.png HTTP/1.1" 200 34706 "-" "Mozilla/5.0 (compatible; CensysInspect/1.1; +https://about.censys.io/)"
16.58.56.214 - - [20/Jun/2026:08:00:04 +1000] "" 400 0 "-" "-"
5.161.75.7 - - [20/Jun/2026:08:00:48 +1000] "HEAD / HTTP/1.1" 200 0 "https://rateright.com.au" "Mozilla/5.0+(compatible; UptimeRobot/2.0; http://www.uptimerobot.com/)"
5.161.61.238 - - [20/Jun/2026:08:01:54 +1000] "HEAD / HTTP/1.1" 200 0 "https://rateright.com.au" "Mozilla/5.0+(compatible; UptimeRobot/2.0; http://www.uptimerobot.com/)"
45.205.1.80 - - [20/Jun/2026:08:02:05 +1000] "POST / HTTP/1.1" 405 166 "-" "Go-http-client/1.1"
52.87.72.16 - - [20/Jun/2026:08:03:01 +1000] "HEAD / HTTP/1.1" 200 0 "https://rateright.com.au" "Mozilla/5.0+(compatible; UptimeRobot/2.0; http://www.uptimerobot.com/)"
35.240.200.42 - - [20/Jun/2026:08:03:12 +1000] "GET /api/admin/activity HTTP/1.1" 404 4585 "-" "node"
178.156.185.231 - - [20/Jun/2026:08:04:06 +1000] "HEAD / HTTP/1.1" 200 0 "https://rateright.com.au" "Mozilla/5.0+(compatible; UptimeRobot/2.0; http://www.uptimerobot.com/)"
5.161.194.92 - - [20/Jun/2026:08:05:11 +1000] "HEAD / HTTP/1.1" 200 0 "https://rateright.com.au" "Mozilla/5.0+(compatible; UptimeRobot/2.0; http://www.uptimerobot.com/)"
178.156.184.20 - - [20/Jun/2026:08:06:15 +1000] "HEAD / HTTP/1.1" 200 0 "https://rateright.com.au" "Mozilla/5.0+(compatible; UptimeRobot/2.0; http://www.uptimerobot.com/)"
54.167.223.174 - - [20/Jun/2026:08:07:24 +1000] "HEAD / HTTP/1.1" 200 0 "https://rateright.com.au" "Mozilla/5.0+(compatible; UptimeRobot/2.0; http://www.uptimerobot.com/)"
54.167.223.174 - - [20/Jun/2026:08:08:28 +1000] "HEAD / HTTP/1.1" 200 0 "https://rateright.com.au" "Mozilla/5.0+(compatible; UptimeRobot/2.0; http://www.uptimerobot.com/)"
3.212.128.62 - - [20/Jun/2026:08:09:33 +1000] "HEAD / HTTP/1.1" 200 0 "https://rateright.com.au" "Mozilla/5.0+(compatible; UptimeRobot/2.0; http://www.uptimerobot.com/)"
5.161.215.244 - - [20/Jun/2026:08:10:37 +1000] "HEAD / HTTP/1.1" 200 0 "https://rateright.com.au" "Mozilla/5.0+(compatible; UptimeRobot/2.0; http://www.uptimerobot.com/)"
3.133.226.214 - - [20/Jun/2026:08:11:42 +1000] "HEAD / HTTP/1.1" 200 0 "https://rateright.com.au" "Mozilla/5.0+(compatible; UptimeRobot/2.0; http://www.uptimerobot.com/)"
5.161.75.7 - - [20/Jun/2026:08:12:47 +1000] "HEAD / HTTP/1.1" 200 0 "https://rateright.com.au" "Mozilla/5.0+(compatible; UptimeRobot/2.0; http://www.uptimerobot.com/)"
178.156.189.113 - - [20/Jun/2026:08:13:55 +1000] "HEAD / HTTP/1.1" 200 0 "https://rateright.com.au" "Mozilla/5.0+(compatible; UptimeRobot/2.0; http://www.uptimerobot.com/)"
5.161.215.244 - - [20/Jun/2026:08:15:00 +1000] "HEAD / HTTP/1.1" 200 0 "https://rateright.com.au" "Mozilla/5.0+(compatible; UptimeRobot/2.0; http://www.uptimerobot.com/)"
5.161.61.238 - - [20/Jun/2026:08:16:04 +1000] "HEAD / HTTP/1.1" 200 0 "https://rateright.com.au" "Mozilla/5.0+(compatible; UptimeRobot/2.0; http://www.uptimerobot.com/)"
178.156.181.172 - - [20/Jun/2026:08:17:08 +1000] "HEAD / HTTP/1.1" 200 0 "https://rateright.com.au" "Mozilla/5.0+(compatible; UptimeRobot/2.0; http://www.uptimerobot.com/)"
35.240.200.42 - - [20/Jun/2026:08:18:13 +1000] "GET /api/admin/activity HTTP/1.1" 404 4590 "-" "node"
5.161.194.92 - - [20/Jun/2026:08:18:16 +1000] "HEAD / HTTP/1.1" 200 0 "https://rateright.com.au" "Mozilla/5.0+(compatible; UptimeRobot/2.0; http://www.uptimerobot.com/)"
52.15.147.27 - - [20/Jun/2026:08:19:23 +1000] "HEAD / HTTP/1.1" 200 0 "https://rateright.com.au" "Mozilla/5.0+(compatible; UptimeRobot/2.0; http://www.uptimerobot.com/)"
52.22.236.30 - - [20/Jun/2026:08:20:30 +1000] "HEAD / HTTP/1.1" 200 0 "https://rateright.com.au" "Mozilla/5.0+(compatible; UptimeRobot/2.0; http://www.uptimerobot.com/)"
52.15.147.27 - - [20/Jun/2026:08:21:36 +1000] "HEAD / HTTP/1.1" 200 0 "https://rateright.com.au" "Mozilla/5.0+(compatible; UptimeRobot/2.0; http://www.uptimerobot.com/)"
34.198.201.66 - - [20/Jun/2026:08:22:41 +1000] "HEAD / HTTP/1.1" 200 0 "https://rateright.com.au" "Mozilla/5.0+(compatible; UptimeRobot/2.0; http://www.uptimerobot.com/)"
80.66.83.43 - - [20/Jun/2026:08:23:37 +1000] "\x03\x00\x00/*\xE0\x00\x00\x00\x00\x00Cookie: mstshash=Administr" 400 166 "-" "-"
3.149.57.90 - - [20/Jun/2026:08:23:46 +1000] "HEAD / HTTP/1.1" 200 0 "https://rateright.com.au" "Mozilla/5.0+(compatible; UptimeRobot/2.0; http://www.uptimerobot.com/)"
5.161.113.195 - - [20/Jun/2026:08:24:52 +1000] "HEAD / HTTP/1.1" 200 0 "https://rateright.com.au" "Mozilla/5.0+(compatible; UptimeRobot/2.0; http://www.uptimerobot.com/)"
178.156.187.238 - - [20/Jun/2026:08:25:59 +1000] "HEAD / HTTP/1.1" 200 0 "https://rateright.com.au" "Mozilla/5.0+(compatible; UptimeRobot/2.0; http://www.uptimerobot.com/)"
54.87.112.51 - - [20/Jun/2026:08:27:07 +1000] "HEAD / HTTP/1.1" 200 0 "https://rateright.com.au" "Mozilla/5.0+(compatible; UptimeRobot/2.0; http://www.uptimerobot.com/)"
5.161.177.47 - - [20/Jun/2026:08:28:16 +1000] "HEAD / HTTP/1.1" 200 0 "https://rateright.com.au" "Mozilla/5.0+(compatible; UptimeRobot/2.0; http://www.uptimerobot.com/)"
54.167.223.174 - - [20/Jun/2026:08:29:21 +1000] "HEAD / HTTP/1.1" 200 0 "https://rateright.com.au" "Mozilla/5.0+(compatible; UptimeRobot/2.0; http://www.uptimerobot.com/)"
5.161.113.195 - - [20/Jun/2026:08:30:26 +1000] "HEAD / HTTP/1.1" 200 0 "https://rateright.com.au" "Mozilla/5.0+(compatible; UptimeRobot/2.0; http://www.uptimerobot.com/)"
130.12.180.196 - - [20/Jun/2026:08:31:06 +1000] "GET /.git/config HTTP/1.1" 200 519 "-" "Mozilla/5.0 (Windows NT 10.0; Win64; x64; rv:131.0) Gecko/20100101 Firefox/131.0"
5.161.73.160 - - [20/Jun/2026:08:31:34 +1000] "HEAD / HTTP/1.1" 200 0 "https://rateright.com.au" "Mozilla/5.0+(compatible; UptimeRobot/2.0; http://www.uptimerobot.com/)"
52.15.147.27 - - [20/Jun/2026:08:32:39 +1000] "HEAD / HTTP/1.1" 200 0 "https://rateright.com.au" "Mozilla/5.0+(compatible; UptimeRobot/2.0; http://www.uptimerobot.com/)"
35.240.200.42 - - [20/Jun/2026:08:33:12 +1000] "GET /api/admin/activity HTTP/1.1" 404 4585 "-" "node"
178.156.184.20 - - [20/Jun/2026:08:33:46 +1000] "HEAD / HTTP/1.1" 200 0 "https://rateright.com.au" "Mozilla/5.0+(compatible; UptimeRobot/2.0; http://www.uptimerobot.com/)"
93.174.93.12 - - [20/Jun/2026:08:33:49 +1000] "GET / HTTP/1.0" 301 178 "-" "Mozilla/5.0 (Macintosh; U; Intel Mac OS X 10_5_7;en-us) AppleWebKit/530.17 (KHTML, like Gecko) Version/4.0 Safari/530.17"
45.79.211.97 - - [20/Jun/2026:08:34:29 +1000] "GET / HTTP/1.1" 404 134 "-" "Mozilla/5.0 zgrab/0.x"
3.212.128.62 - - [20/Jun/2026:08:34:51 +1000] "HEAD / HTTP/1.1" 200 0 "https://rateright.com.au" "Mozilla/5.0+(compatible; UptimeRobot/2.0; http://www.uptimerobot.com/)"
178.156.185.231 - - [20/Jun/2026:08:35:57 +1000] "HEAD / HTTP/1.1" 200 0 "https://rateright.com.au" "Mozilla/5.0+(compatible; UptimeRobot/2.0; http://www.uptimerobot.com/)"
5.161.194.92 - - [20/Jun/2026:08:37:02 +1000] "HEAD / HTTP/1.1" 200 0 "https://rateright.com.au" "Mozilla/5.0+(compatible; UptimeRobot/2.0; http://www.uptimerobot.com/)"
54.87.112.51 - - [20/Jun/2026:08:38:06 +1000] "HEAD / HTTP/1.1" 200 0 "https://rateright.com.au" "Mozilla/5.0+(compatible; UptimeRobot/2.0; http://www.uptimerobot.com/)"
178.156.189.249 - - [20/Jun/2026:08:39:15 +1000] "HEAD / HTTP/1.1" 200 0 "https://rateright.com.au" "Mozilla/5.0+(compatible; UptimeRobot/2.0; http://www.uptimerobot.com/)"
34.185.204.210 - - [20/Jun/2026:08:39:28 +1000] "GET / HTTP/1.1" 200 12990 "-" "Bun/1.3.14"
207.90.244.14 - - [20/Jun/2026:08:39:57 +1000] "GET / HTTP/1.1" 404 564 "-" "Mozilla/5.0 (Windows NT 6.1) AppleWebKit/537.36 (KHTML, like Gecko) Chrome/41.0.2228.0 Safari/537.36"
207.90.244.14 - - [20/Jun/2026:08:39:57 +1000] "GET /robots.txt HTTP/1.1" 404 162 "-" "-"
207.90.244.14 - - [20/Jun/2026:08:39:58 +1000] "GET /sitemap.xml HTTP/1.1" 404 162 "-" "-"
207.90.244.14 - - [20/Jun/2026:08:39:59 +1000] "GET /.well-known/security.txt HTTP/1.1" 404 162 "-" "-"
207.90.244.14 - - [20/Jun/2026:08:40:01 +1000] "GET /favicon.ico HTTP/1.1" 404 196 "-" "Mozilla/5.0 (Windows NT 10.0; Win64; x64) AppleWebKit/537.36 (KHTML, like Gecko) Chrome/102.0.5005.63 Safari/537.36"
3.20.63.178 - - [20/Jun/2026:08:40:19 +1000] "HEAD / HTTP/1.1" 200 0 "https://rateright.com.au" "Mozilla/5.0+(compatible; UptimeRobot/2.0; http://www.uptimerobot.com/)"
3.12.251.153 - - [20/Jun/2026:08:41:27 +1000] "HEAD / HTTP/1.1" 200 0 "https://rateright.com.au" "Mozilla/5.0+(compatible; UptimeRobot/2.0; http://www.uptimerobot.com/)"
5.161.73.160 - - [20/Jun/2026:08:42:32 +1000] "HEAD / HTTP/1.1" 200 0 "https://rateright.com.au" "Mozilla/5.0+(compatible; UptimeRobot/2.0; http://www.uptimerobot.com/)"
80.94.95.211 - - [20/Jun/2026:08:42:58 +1000] "GET /.env HTTP/1.1" 404 162 "-" "Mozilla/5.0 (Linux; U; Android 2.3.5; zh-cn; HTC_IncredibleS_S710e Build/GRJ90) AppleWebKit/533.1 (KHTML, like Gecko) Version/4.0 Mobile Safari/533.1"
173.255.225.25 - - [20/Jun/2026:08:42:58 +1000] "GET / HTTP/1.1" 404 196 "-" "Mozilla/5.0 (Macintosh; Intel Mac OS X 13_1) AppleWebKit/537.36 (KHTML, like Gecko) Chrome/108.0.0.0 Safari/537.36"
80.94.95.211 - - [20/Jun/2026:08:42:58 +1000] "GET /.env.php HTTP/1.1" 404 162 "-" "Mozilla/5.0 (Linux; U; Android 2.3.5; zh-cn; HTC_IncredibleS_S710e Build/GRJ90) AppleWebKit/533.1 (KHTML, like Gecko) Version/4.0 Mobile Safari/533.1"
80.94.95.211 - - [20/Jun/2026:08:42:58 +1000] "GET /.env.sample.php HTTP/1.1" 404 162 "-" "Mozilla/5.0 (Linux; U; Android 2.3.5; zh-cn; HTC_IncredibleS_S710e Build/GRJ90) AppleWebKit/533.1 (KHTML, like Gecko) Version/4.0 Mobile Safari/533.1"
80.94.95.211 - - [20/Jun/2026:08:42:59 +1000] "GET /.env.local.php HTTP/1.1" 404 162 "-" "Mozilla/5.0 (Linux; U; Android 2.3.5; zh-cn; HTC_IncredibleS_S710e Build/GRJ90) AppleWebKit/533.1 (KHTML, like Gecko) Version/4.0 Mobile Safari/533.1"
80.94.95.211 - - [20/Jun/2026:08:42:59 +1000] "GET /.env.production.php HTTP/1.1" 404 162 "-" "Mozilla/5.0 (Linux; U; Android 2.3.5; zh-cn; HTC_IncredibleS_S710e Build/GRJ90) AppleWebKit/533.1 (KHTML, like Gecko) Version/4.0 Mobile Safari/533.1"
80.94.95.211 - - [20/Jun/2026:08:42:59 +1000] "GET /config.dev.php HTTP/1.1" 404 162 "-" "Mozilla/5.0 (Linux; U; Android 2.3.5; zh-cn; HTC_IncredibleS_S710e Build/GRJ90) AppleWebKit/533.1 (KHTML, like Gecko) Version/4.0 Mobile Safari/533.1"
80.94.95.211 - - [20/Jun/2026:08:43:00 +1000] "GET /config.env HTTP/1.1" 404 162 "-" "Mozilla/5.0 (Linux; U; Android 2.3.5; zh-cn; HTC_IncredibleS_S710e Build/GRJ90) AppleWebKit/533.1 (KHTML, like Gecko) Version/4.0 Mobile Safari/533.1"
80.94.95.211 - - [20/Jun/2026:08:43:00 +1000] "GET /twilio/.env.php HTTP/1.1" 404 162 "-" "Mozilla/5.0 (Linux; U; Android 2.3.5; zh-cn; HTC_IncredibleS_S710e Build/GRJ90) AppleWebKit/533.1 (KHTML, like Gecko) Version/4.0 Mobile Safari/533.1"
80.94.95.211 - - [20/Jun/2026:08:43:00 +1000] "GET /config/.env.php HTTP/1.1" 404 162 "-" "Mozilla/5.0 (Linux; U; Android 2.3.5; zh-cn; HTC_IncredibleS_S710e Build/GRJ90) AppleWebKit/533.1 (KHTML, like Gecko) Version/4.0 Mobile Safari/533.1"
80.94.95.211 - - [20/Jun/2026:08:43:00 +1000] "GET /sendgrid/.env.php HTTP/1.1" 404 162 "-" "Mozilla/5.0 (Linux; U; Android 2.3.5; zh-cn; HTC_IncredibleS_S710e Build/GRJ90) AppleWebKit/533.1 (KHTML, like Gecko) Version/4.0 Mobile Safari/533.1"
80.94.95.211 - - [20/Jun/2026:08:43:01 +1000] "GET /.env.php.bak HTTP/1.1" 404 162 "-" "Mozilla/5.0 (Linux; U; Android 2.3.5; zh-cn; HTC_IncredibleS_S710e Build/GRJ90) AppleWebKit/533.1 (KHTML, like Gecko) Version/4.0 Mobile Safari/533.1"
80.94.95.211 - - [20/Jun/2026:08:43:01 +1000] "GET /.env.php-bak HTTP/1.1" 404 162 "-" "Mozilla/5.0 (Linux; U; Android 2.3.5; zh-cn; HTC_IncredibleS_S710e Build/GRJ90) AppleWebKit/533.1 (KHTML, like Gecko) Version/4.0 Mobile Safari/533.1"
80.94.95.211 - - [20/Jun/2026:08:43:01 +1000] "GET /.env.php-backup HTTP/1.1" 404 162 "-" "Mozilla/5.0 (Linux; U; Android 2.3.5; zh-cn; HTC_IncredibleS_S710e Build/GRJ90) AppleWebKit/533.1 (KHTML, like Gecko) Version/4.0 Mobile Safari/533.1"
80.94.95.211 - - [20/Jun/2026:08:43:02 +1000] "GET /.env.php.backup HTTP/1.1" 404 162 "-" "Mozilla/5.0 (Linux; U; Android 2.3.5; zh-cn; HTC_IncredibleS_S710e Build/GRJ90) AppleWebKit/533.1 (KHTML, like Gecko) Version/4.0 Mobile Safari/533.1"
80.94.95.211 - - [20/Jun/2026:08:43:02 +1000] "GET /test/.env.php HTTP/1.1" 404 162 "-" "Mozilla/5.0 (Linux; U; Android 2.3.5; zh-cn; HTC_IncredibleS_S710e Build/GRJ90) AppleWebKit/533.1 (KHTML, like Gecko) Version/4.0 Mobile Safari/533.1"
80.94.95.211 - - [20/Jun/2026:08:43:02 +1000] "GET /.env.example.php HTTP/1.1" 404 162 "-" "Mozilla/5.0 (Linux; U; Android 2.3.5; zh-cn; HTC_IncredibleS_S710e Build/GRJ90) AppleWebKit/533.1 (KHTML, like Gecko) Version/4.0 Mobile Safari/533.1"
80.94.95.211 - - [20/Jun/2026:08:43:02 +1000] "GET /app_dev.php/_profiler/.env HTTP/1.1" 404 162 "-" "Mozilla/5.0 (Linux; U; Android 2.3.5; zh-cn; HTC_IncredibleS_S710e Build/GRJ90) AppleWebKit/533.1 (KHTML, like Gecko) Version/4.0 Mobile Safari/533.1"
80.94.95.211 - - [20/Jun/2026:08:43:03 +1000] "GET /var/.env.local.php HTTP/1.1" 404 162 "-" "Mozilla/5.0 (Linux; U; Android 2.3.5; zh-cn; HTC_IncredibleS_S710e Build/GRJ90) AppleWebKit/533.1 (KHTML, like Gecko) Version/4.0 Mobile Safari/533.1"
80.94.95.211 - - [20/Jun/2026:08:43:03 +1000] "GET /api/.env HTTP/1.1" 404 162 "-" "Mozilla/5.0 (Linux; U; Android 2.3.5; zh-cn; HTC_IncredibleS_S710e Build/GRJ90) AppleWebKit/533.1 (KHTML, like Gecko) Version/4.0 Mobile Safari/533.1"
80.94.95.211 - - [20/Jun/2026:08:43:03 +1000] "GET /app/.env HTTP/1.1" 404 162 "-" "Mozilla/5.0 (Linux; U; Android 2.3.5; zh-cn; HTC_IncredibleS_S710e Build/GRJ90) AppleWebKit/533.1 (KHTML, like Gecko) Version/4.0 Mobile Safari/533.1"
80.94.95.211 - - [20/Jun/2026:08:43:04 +1000] "GET /admin/.env HTTP/1.1" 404 162 "-" "Mozilla/5.0 (Linux; U; Android 2.3.5; zh-cn; HTC_IncredibleS_S710e Build/GRJ90) AppleWebKit/533.1 (KHTML, like Gecko) Version/4.0 Mobile Safari/533.1"
80.94.95.211 - - [20/Jun/2026:08:43:04 +1000] "GET /.env.production HTTP/1.1" 404 162 "-" "Mozilla/5.0 (Linux; U; Android 2.3.5; zh-cn; HTC_IncredibleS_S710e Build/GRJ90) AppleWebKit/533.1 (KHTML, like Gecko) Version/4.0 Mobile Safari/533.1"
80.94.95.211 - - [20/Jun/2026:08:43:04 +1000] "GET /.env.save HTTP/1.1" 404 162 "-" "Mozilla/5.0 (Linux; U; Android 2.3.5; zh-cn; HTC_IncredibleS_S710e Build/GRJ90) AppleWebKit/533.1 (KHTML, like Gecko) Version/4.0 Mobile Safari/533.1"
80.94.95.211 - - [20/Jun/2026:08:43:04 +1000] "GET /backend/.env HTTP/1.1" 404 162 "-" "Mozilla/5.0 (Linux; U; Android 2.3.5; zh-cn; HTC_IncredibleS_S710e Build/GRJ90) AppleWebKit/533.1 (KHTML, like Gecko) Version/4.0 Mobile Safari/533.1"
80.94.95.211 - - [20/Jun/2026:08:43:05 +1000] "GET /core/.env HTTP/1.1" 404 162 "-" "Mozilla/5.0 (Linux; U; Android 2.3.5; zh-cn; HTC_IncredibleS_S710e Build/GRJ90) AppleWebKit/533.1 (KHTML, like Gecko) Version/4.0 Mobile Safari/533.1"
80.94.95.211 - - [20/Jun/2026:08:43:05 +1000] "GET /laravel/.env HTTP/1.1" 404 162 "-" "Mozilla/5.0 (Linux; U; Android 2.3.5; zh-cn; HTC_IncredibleS_S710e Build/GRJ90) AppleWebKit/533.1 (KHTML, like Gecko) Version/4.0 Mobile Safari/533.1"
80.94.95.211 - - [20/Jun/2026:08:43:05 +1000] "GET /.env.example HTTP/1.1" 404 162 "-" "Mozilla/5.0 (Linux; U; Android 2.3.5; zh-cn; HTC_IncredibleS_S710e Build/GRJ90) AppleWebKit/533.1 (KHTML, like Gecko) Version/4.0 Mobile Safari/533.1"
80.94.95.211 - - [20/Jun/2026:08:43:06 +1000] "GET /.env.prod HTTP/1.1" 404 162 "-" "Mozilla/5.0 (Linux; U; Android 2.3.5; zh-cn; HTC_IncredibleS_S710e Build/GRJ90) AppleWebKit/533.1 (KHTML, like Gecko) Version/4.0 Mobile Safari/533.1"
80.94.95.211 - - [20/Jun/2026:08:43:06 +1000] "GET /.env.local HTTP/1.1" 404 162 "-" "Mozilla/5.0 (Linux; U; Android 2.3.5; zh-cn; HTC_IncredibleS_S710e Build/GRJ90) AppleWebKit/533.1 (KHTML, like Gecko) Version/4.0 Mobile Safari/533.1"
80.94.95.211 - - [20/Jun/2026:08:43:06 +1000] "GET /media/.env HTTP/1.1" 404 162 "-" "Mozilla/5.0 (Linux; U; Android 2.3.5; zh-cn; HTC_IncredibleS_S710e Build/GRJ90) AppleWebKit/533.1 (KHTML, like Gecko) Version/4.0 Mobile Safari/533.1"
80.94.95.211 - - [20/Jun/2026:08:43:06 +1000] "GET /uploads/.env HTTP/1.1" 404 162 "-" "Mozilla/5.0 (Linux; U; Android 2.3.5; zh-cn; HTC_IncredibleS_S710e Build/GRJ90) AppleWebKit/533.1 (KHTML, like Gecko) Version/4.0 Mobile Safari/533.1"
80.94.95.211 - - [20/Jun/2026:08:43:07 +1000] "GET /sources/.env HTTP/1.1" 404 162 "-" "Mozilla/5.0 (Linux; U; Android 2.3.5; zh-cn; HTC_IncredibleS_S710e Build/GRJ90) AppleWebKit/533.1 (KHTML, like Gecko) Version/4.0 Mobile Safari/533.1"
80.94.95.211 - - [20/Jun/2026:08:43:07 +1000] "GET /main/.env HTTP/1.1" 404 162 "-" "Mozilla/5.0 (Linux; U; Android 2.3.5; zh-cn; HTC_IncredibleS_S710e Build/GRJ90) AppleWebKit/533.1 (KHTML, like Gecko) Version/4.0 Mobile Safari/533.1"
80.94.95.211 - - [20/Jun/2026:08:43:07 +1000] "GET /.env.txt HTTP/1.1" 404 162 "-" "Mozilla/5.0 (Linux; U; Android 2.3.5; zh-cn; HTC_IncredibleS_S710e Build/GRJ90) AppleWebKit/533.1 (KHTML, like Gecko) Version/4.0 Mobile Safari/533.1"
80.94.95.211 - - [20/Jun/2026:08:43:08 +1000] "GET /tmp/.env HTTP/1.1" 404 162 "-" "Mozilla/5.0 (Linux; U; Android 2.3.5; zh-cn; HTC_IncredibleS_S710e Build/GRJ90) AppleWebKit/533.1 (KHTML, like Gecko) Version/4.0 Mobile Safari/533.1"
80.94.95.211 - - [20/Jun/2026:08:43:08 +1000] "GET /data/.env HTTP/1.1" 404 162 "-" "Mozilla/5.0 (Linux; U; Android 2.3.5; zh-cn; HTC_IncredibleS_S710e Build/GRJ90) AppleWebKit/533.1 (KHTML, like Gecko) Version/4.0 Mobile Safari/533.1"
80.94.95.211 - - [20/Jun/2026:08:43:08 +1000] "GET /docker/app/.env HTTP/1.1" 404 162 "-" "Mozilla/5.0 (Linux; U; Android 2.3.5; zh-cn; HTC_IncredibleS_S710e Build/GRJ90) AppleWebKit/533.1 (KHTML, like Gecko) Version/4.0 Mobile Safari/533.1"
80.94.95.211 - - [20/Jun/2026:08:43:08 +1000] "GET /fedex/.env HTTP/1.1" 404 162 "-" "Mozilla/5.0 (Linux; U; Android 2.3.5; zh-cn; HTC_IncredibleS_S710e Build/GRJ90) AppleWebKit/533.1 (KHTML, like Gecko) Version/4.0 Mobile Safari/533.1"
80.94.95.211 - - [20/Jun/2026:08:43:09 +1000] "GET /.env.config HTTP/1.1" 404 162 "-" "Mozilla/5.0 (Linux; U; Android 2.3.5; zh-cn; HTC_IncredibleS_S710e Build/GRJ90) AppleWebKit/533.1 (KHTML, like Gecko) Version/4.0 Mobile Safari/533.1"
80.94.95.211 - - [20/Jun/2026:08:43:09 +1000] "GET /en/.env HTTP/1.1" 404 162 "-" "Mozilla/5.0 (Linux; U; Android 2.3.5; zh-cn; HTC_IncredibleS_S710e Build/GRJ90) AppleWebKit/533.1 (KHTML, like Gecko) Version/4.0 Mobile Safari/533.1"
80.94.95.211 - - [20/Jun/2026:08:43:09 +1000] "GET /.env.template HTTP/1.1" 404 162 "-" "Mozilla/5.0 (Linux; U; Android 2.3.5; zh-cn; HTC_IncredibleS_S710e Build/GRJ90) AppleWebKit/533.1 (KHTML, like Gecko) Version/4.0 Mobile Safari/533.1"
80.94.95.211 - - [20/Jun/2026:08:43:10 +1000] "GET /.envrc HTTP/1.1" 404 162 "-" "Mozilla/5.0 (Linux; U; Android 2.3.5; zh-cn; HTC_IncredibleS_S710e Build/GRJ90) AppleWebKit/533.1 (KHTML, like Gecko) Version/4.0 Mobile Safari/533.1"
80.94.95.211 - - [20/Jun/2026:08:43:10 +1000] "GET /script/.env HTTP/1.1" 404 162 "-" "Mozilla/5.0 (Linux; U; Android 2.3.5; zh-cn; HTC_IncredibleS_S710e Build/GRJ90) AppleWebKit/533.1 (KHTML, like Gecko) Version/4.0 Mobile Safari/533.1"
80.94.95.211 - - [20/Jun/2026:08:43:10 +1000] "GET /laravel/core/.env HTTP/1.1" 404 162 "-" "Mozilla/5.0 (Linux; U; Android 2.3.5; zh-cn; HTC_IncredibleS_S710e Build/GRJ90) AppleWebKit/533.1 (KHTML, like Gecko) Version/4.0 Mobile Safari/533.1"
80.94.95.211 - - [20/Jun/2026:08:43:10 +1000] "GET /docs/.env HTTP/1.1" 404 162 "-" "Mozilla/5.0 (Linux; U; Android 2.3.5; zh-cn; HTC_IncredibleS_S710e Build/GRJ90) AppleWebKit/533.1 (KHTML, like Gecko) Version/4.0 Mobile Safari/533.1"
80.94.95.211 - - [20/Jun/2026:08:43:11 +1000] "GET /core/app/.env HTTP/1.1" 404 162 "-" "Mozilla/5.0 (Linux; U; Android 2.3.5; zh-cn; HTC_IncredibleS_S710e Build/GRJ90) AppleWebKit/533.1 (KHTML, like Gecko) Version/4.0 Mobile Safari/533.1"
80.94.95.211 - - [20/Jun/2026:08:43:11 +1000] "GET /.env.test.local HTTP/1.1" 404 162 "-" "Mozilla/5.0 (Linux; U; Android 2.3.5; zh-cn; HTC_IncredibleS_S710e Build/GRJ90) AppleWebKit/533.1 (KHTML, like Gecko) Version/4.0 Mobile Safari/533.1"
80.94.95.211 - - [20/Jun/2026:08:43:11 +1000] "GET /html/.env HTTP/1.1" 404 162 "-" "Mozilla/5.0 (Linux; U; Android 2.3.5; zh-cn; HTC_IncredibleS_S710e Build/GRJ90) AppleWebKit/533.1 (KHTML, like Gecko) Version/4.0 Mobile Safari/533.1"
80.94.95.211 - - [20/Jun/2026:08:43:12 +1000] "GET /developer/.env HTTP/1.1" 404 162 "-" "Mozilla/5.0 (Linux; U; Android 2.3.5; zh-cn; HTC_IncredibleS_S710e Build/GRJ90) AppleWebKit/533.1 (KHTML, like Gecko) Version/4.0 Mobile Safari/533.1"
80.94.95.211 - - [20/Jun/2026:08:43:12 +1000] "GET /public_html/.env HTTP/1.1" 404 162 "-" "Mozilla/5.0 (Linux; U; Android 2.3.5; zh-cn; HTC_IncredibleS_S710e Build/GRJ90) AppleWebKit/533.1 (KHTML, like Gecko) Version/4.0 Mobile Safari/533.1"
80.94.95.211 - - [20/Jun/2026:08:43:12 +1000] "GET /nginx/.env HTTP/1.1" 404 162 "-" "Mozilla/5.0 (Linux; U; Android 2.3.5; zh-cn; HTC_IncredibleS_S710e Build/GRJ90) AppleWebKit/533.1 (KHTML, like Gecko) Version/4.0 Mobile Safari/533.1"
80.94.95.211 - - [20/Jun/2026:08:43:12 +1000] "GET /kyc/.env HTTP/1.1" 404 162 "-" "Mozilla/5.0 (Linux; U; Android 2.3.5; zh-cn; HTC_IncredibleS_S710e Build/GRJ90) AppleWebKit/533.1 (KHTML, like Gecko) Version/4.0 Mobile Safari/533.1"
80.94.95.211 - - [20/Jun/2026:08:43:13 +1000] "GET /sitemaps/.env HTTP/1.1" 404 162 "-" "Mozilla/5.0 (Linux; U; Android 2.3.5; zh-cn; HTC_IncredibleS_S710e Build/GRJ90) AppleWebKit/533.1 (KHTML, like Gecko) Version/4.0 Mobile Safari/533.1"
80.94.95.211 - - [20/Jun/2026:08:43:13 +1000] "GET /.env.swp HTTP/1.1" 404 162 "-" "Mozilla/5.0 (Linux; U; Android 2.3.5; zh-cn; HTC_IncredibleS_S710e Build/GRJ90) AppleWebKit/533.1 (KHTML, like Gecko) Version/4.0 Mobile Safari/533.1"
80.94.95.211 - - [20/Jun/2026:08:43:13 +1000] "GET /new/.env.staging HTTP/1.1" 404 162 "-" "Mozilla/5.0 (Linux; U; Android 2.3.5; zh-cn; HTC_IncredibleS_S710e Build/GRJ90) AppleWebKit/533.1 (KHTML, like Gecko) Version/4.0 Mobile Safari/533.1"
80.94.95.211 - - [20/Jun/2026:08:43:14 +1000] "GET /.env.docker.dev HTTP/1.1" 404 162 "-" "Mozilla/5.0 (Linux; U; Android 2.3.5; zh-cn; HTC_IncredibleS_S710e Build/GRJ90) AppleWebKit/533.1 (KHTML, like Gecko) Version/4.0 Mobile Safari/533.1"
80.94.95.211 - - [20/Jun/2026:08:43:14 +1000] "GET /cronlab/.env HTTP/1.1" 404 162 "-" "Mozilla/5.0 (Linux; U; Android 2.3.5; zh-cn; HTC_IncredibleS_S710e Build/GRJ90) AppleWebKit/533.1 (KHTML, like Gecko) Version/4.0 Mobile Safari/533.1"
80.94.95.211 - - [20/Jun/2026:08:43:14 +1000] "GET /.env.project HTTP/1.1" 404 162 "-" "Mozilla/5.0 (Linux; U; Android 2.3.5; zh-cn; HTC_IncredibleS_S710e Build/GRJ90) AppleWebKit/533.1 (KHTML, like Gecko) Version/4.0 Mobile Safari/533.1"
80.94.95.211 - - [20/Jun/2026:08:43:14 +1000] "GET /home/.env HTTP/1.1" 404 162 "-" "Mozilla/5.0 (Linux; U; Android 2.3.5; zh-cn; HTC_IncredibleS_S710e Build/GRJ90) AppleWebKit/533.1 (KHTML, like Gecko) Version/4.0 Mobile Safari/533.1"
5.161.117.52 - - [20/Jun/2026:08:43:37 +1000] "HEAD / HTTP/1.1" 200 0 "https://rateright.com.au" "Mozilla/5.0+(compatible; UptimeRobot/2.0; http://www.uptimerobot.com/)"
178.156.185.127 - - [20/Jun/2026:08:44:41 +1000] "HEAD / HTTP/1.1" 200 0 "https://rateright.com.au" "Mozilla/5.0+(compatible; UptimeRobot/2.0; http://www.uptimerobot.com/)"
5.161.215.244 - - [20/Jun/2026:08:45:46 +1000] "HEAD / HTTP/1.1" 200 0 "https://rateright.com.au" "Mozilla/5.0+(compatible; UptimeRobot/2.0; http://www.uptimerobot.com/)"
185.242.226.113 - - [20/Jun/2026:08:45:55 +1000] "\x16\x03\x01\x00\x8D\x01\x00\x00\x89\x03\x03\xA7\x0C]?x\xD9[{\x97\x9A\xC4\x90\xF1\xBD\xED\xC3\xF0\x8A\xF7\x98\x87\xD8\xF6\x919\x9E=\x80\x99*T\x06\x00\x00\x1A\xC0/\xC0+\xC0\x11\xC0\x07\xC0\x13\xC0\x09\xC0\x14\xC0" 400 166 "-" "-"
52.15.147.27 - - [20/Jun/2026:08:46:51 +1000] "HEAD / HTTP/1.1" 200 0 "https://rateright.com.au" "Mozilla/5.0+(compatible; UptimeRobot/2.0; http://www.uptimerobot.com/)"
51.159.23.43 - - [20/Jun/2026:08:47:05 +1000] "GET / HTTP/1.1" 200 960 "-" "-"
3.149.57.90 - - [20/Jun/2026:08:47:59 +1000] "HEAD / HTTP/1.1" 200 0 "https://rateright.com.au" "Mozilla/5.0+(compatible; UptimeRobot/2.0; http://www.uptimerobot.com/)"
45.148.10.200 - - [20/Jun/2026:08:48:07 +1000] "\x16\x03\x01\x01\x0C\x01\x00\x01\x08\x03\x03\xA8G\xE67\xEB\xB3\x01s\xA9\x01\x996<\x87\xD8\x83\x02`A\xEAs\xAB\x12\x9F\xAE\xAA\x0E^\x08d\x84\xF4 \x98\x1A\xB0k\x80$\xF6\xA1\x0ED\xC6\xBC\x0C>+\x16\xA9uziW\x0E\x0E5<\xA4\xE7\x03d1T\xD8\x00&\xC0+\xC0/\xC0,\xC00\xCC\xA9\xCC\xA8\xC0\x09\xC0\x13\xC0" 400 166 "-" "-"
45.148.10.200 - - [20/Jun/2026:08:48:07 +1000] "GET / HTTP/1.1" 400 166 "-" "-"
45.148.10.200 - - [20/Jun/2026:08:48:08 +1000] "GET / HTTP/1.1" 404 162 "-" "l9tcpid/v1.1.0"
45.148.10.200 - - [20/Jun/2026:08:48:08 +1000] "GET /.dotenv HTTP/1.1" 404 134 "-" "l9explore/1.2.2"
45.148.10.200 - - [20/Jun/2026:08:48:09 +1000] "GET /.env.local HTTP/1.1" 404 134 "-" "l9explore/1.2.2"
45.148.10.200 - - [20/Jun/2026:08:48:09 +1000] "GET /.env.dev HTTP/1.1" 404 134 "-" "l9explore/1.2.2"
35.240.200.42 - - [20/Jun/2026:08:48:12 +1000] "GET /api/admin/activity HTTP/1.1" 404 4585 "-" "node"
54.87.112.51 - - [20/Jun/2026:08:49:05 +1000] "HEAD / HTTP/1.1" 200 0 "https://rateright.com.au" "Mozilla/5.0+(compatible; UptimeRobot/2.0; http://www.uptimerobot.com/)"
178.156.189.249 - - [20/Jun/2026:08:50:11 +1000] "HEAD / HTTP/1.1" 200 0 "https://rateright.com.au" "Mozilla/5.0+(compatible; UptimeRobot/2.0; http://www.uptimerobot.com/)"
54.167.223.174 - - [20/Jun/2026:08:51:17 +1000] "HEAD / HTTP/1.1" 200 0 "https://rateright.com.au" "Mozilla/5.0+(compatible; UptimeRobot/2.0; http://www.uptimerobot.com/)"
104.23.239.109 - - [20/Jun/2026:08:51:19 +1000] "GET /wp-admin/install.php?step=1 HTTP/1.1" 301 178 "-" "http://rateright.com.au/wp-admin/install.php?step=1"
104.23.239.109 - - [20/Jun/2026:08:51:20 +1000] "GET /wp-admin/install.php?step=1 HTTP/1.1" 404 4590 "-" "http://rateright.com.au/wp-admin/install.php?step=1"
3.133.226.214 - - [20/Jun/2026:08:52:23 +1000] "HEAD / HTTP/1.1" 200 0 "https://rateright.com.au" "Mozilla/5.0+(compatible; UptimeRobot/2.0; http://www.uptimerobot.com/)"
178.156.184.20 - - [20/Jun/2026:08:53:30 +1000] "HEAD / HTTP/1.1" 200 0 "https://rateright.com.au" "Mozilla/5.0+(compatible; UptimeRobot/2.0; http://www.uptimerobot.com/)"
3.149.57.90 - - [20/Jun/2026:08:54:35 +1000] "HEAD / HTTP/1.1" 200 0 "https://rateright.com.au" "Mozilla/5.0+(compatible; UptimeRobot/2.0; http://www.uptimerobot.com/)"
205.210.31.166 - - [20/Jun/2026:08:54:57 +1000] "GET / HTTP/1.0" 301 178 "-" "Hello from Palo Alto Networks, find out more about our scans in https://docs-cortex.paloaltonetworks.com/r/1/Cortex-Xpanse/Scanning-activity"
18.116.205.62 - - [20/Jun/2026:08:55:40 +1000] "HEAD / HTTP/1.1" 200 0 "https://rateright.com.au" "Mozilla/5.0+(compatible; UptimeRobot/2.0; http://www.uptimerobot.com/)"
3.12.251.153 - - [20/Jun/2026:08:56:45 +1000] "HEAD / HTTP/1.1" 200 0 "https://rateright.com.au" "Mozilla/5.0+(compatible; UptimeRobot/2.0; http://www.uptimerobot.com/)"
5.161.215.244 - - [20/Jun/2026:08:57:51 +1000] "HEAD / HTTP/1.1" 200 0 "https://rateright.com.au" "Mozilla/5.0+(compatible; UptimeRobot/2.0; http://www.uptimerobot.com/)"
54.87.112.51 - - [20/Jun/2026:08:58:57 +1000] "HEAD / HTTP/1.1" 200 0 "https://rateright.com.au" "Mozilla/5.0+(compatible; UptimeRobot/2.0; http://www.uptimerobot.com/)"
5.161.113.195 - - [20/Jun/2026:09:00:02 +1000] "HEAD / HTTP/1.1" 200 0 "https://rateright.com.au" "Mozilla/5.0+(compatible; UptimeRobot/2.0; http://www.uptimerobot.com/)"
45.198.224.245 - - [20/Jun/2026:09:00:02 +1000] "GET / HTTP/1.1" 200 960 "-" "Mozilla/5.0"
3.12.251.153 - - [20/Jun/2026:09:01:10 +1000] "HEAD / HTTP/1.1" 200 0 "https://rateright.com.au" "Mozilla/5.0+(compatible; UptimeRobot/2.0; http://www.uptimerobot.com/)"
5.161.61.238 - - [20/Jun/2026:09:02:14 +1000] "HEAD / HTTP/1.1" 200 0 "https://rateright.com.au" "Mozilla/5.0+(compatible; UptimeRobot/2.0; http://www.uptimerobot.com/)"
35.240.200.42 - - [20/Jun/2026:09:03:12 +1000] "GET /api/admin/activity HTTP/1.1" 404 4590 "-" "node"
52.15.147.27 - - [20/Jun/2026:09:03:19 +1000] "HEAD / HTTP/1.1" 200 0 "https://rateright.com.au" "Mozilla/5.0+(compatible; UptimeRobot/2.0; http://www.uptimerobot.com/)"
5.161.215.244 - - [20/Jun/2026:09:04:29 +1000] "HEAD / HTTP/1.1" 200 0 "https://rateright.com.au" "Mozilla/5.0+(compatible; UptimeRobot/2.0; http://www.uptimerobot.com/)"
5.161.73.160 - - [20/Jun/2026:09:05:33 +1000] "HEAD / HTTP/1.1" 200 0 "https://rateright.com.au" "Mozilla/5.0+(compatible; UptimeRobot/2.0; http://www.uptimerobot.com/)"
5.161.75.7 - - [20/Jun/2026:09:06:37 +1000] "HEAD / HTTP/1.1" 200 0 "https://rateright.com.au" "Mozilla/5.0+(compatible; UptimeRobot/2.0; http://www.uptimerobot.com/)"
3.20.63.178 - - [20/Jun/2026:09:07:45 +1000] "HEAD / HTTP/1.1" 200 0 "https://rateright.com.au" "Mozilla/5.0+(compatible; UptimeRobot/2.0; http://www.uptimerobot.com/)"
18.116.205.62 - - [20/Jun/2026:09:08:49 +1000] "HEAD / HTTP/1.1" 200 0 "https://rateright.com.au" "Mozilla/5.0+(compatible; UptimeRobot/2.0; http://www.uptimerobot.com/)"
3.20.63.178 - - [20/Jun/2026:09:09:54 +1000] "HEAD / HTTP/1.1" 200 0 "https://rateright.com.au" "Mozilla/5.0+(compatible; UptimeRobot/2.0; http://www.uptimerobot.com/)"
178.156.189.249 - - [20/Jun/2026:09:10:59 +1000] "HEAD / HTTP/1.1" 200 0 "https://rateright.com.au" "Mozilla/5.0+(compatible; UptimeRobot/2.0; http://www.uptimerobot.com/)"
185.242.226.113 - - [20/Jun/2026:09:11:58 +1000] "GET / HTTP/1.1" 404 196 "-" "Mozilla/5.0 (Windows NT 10.0; Win64; x64) AppleWebKit/537.36 (KHTML, like Gecko) Chrome/88.0.4324.190 Safari/537.36"
5.161.61.238 - - [20/Jun/2026:09:12:05 +1000] "HEAD / HTTP/1.1" 200 0 "https://rateright.com.au" "Mozilla/5.0+(compatible; UptimeRobot/2.0; http://www.uptimerobot.com/)"
185.93.89.167 - - [20/Jun/2026:09:13:02 +1000] "GET /.env HTTP/1.1" 404 24932 "-" "Mozilla/5.0 (Windows; U; Windows XP) Gecko MultiZilla/1.6.1.0a"
185.93.89.167 - - [20/Jun/2026:09:13:03 +1000] "GET / HTTP/1.1" 200 96081 "-" "Mozilla/5.0 (Windows; U; Windows XP) Gecko MultiZilla/1.6.1.0a"
185.93.89.167 - - [20/Jun/2026:09:13:04 +1000] "GET /sendgrid.env HTTP/1.1" 404 24932 "-" "Mozilla/5.0 (Windows; U; Windows XP) Gecko MultiZilla/1.6.1.0a"
185.93.89.167 - - [20/Jun/2026:09:13:04 +1000] "GET /.env HTTP/1.1" 301 178 "-" "Mozilla/5.0 (Windows NT 6.1; Win64; x64) AppleWebKit/537.36 (KHTML, like Gecko) Chrome/59.0.3071.115 Safari/537.36"
185.93.89.167 - - [20/Jun/2026:09:13:04 +1000] "GET / HTTP/1.1" 301 178 "-" "Mozilla/5.0 (Windows NT 6.1; Win64; x64) AppleWebKit/537.36 (KHTML, like Gecko) Chrome/59.0.3071.115 Safari/537.36"
185.93.89.167 - - [20/Jun/2026:09:13:05 +1000] "GET /sendgrid.env HTTP/1.1" 301 178 "-" "Mozilla/5.0 (Windows NT 6.1; Win64; x64) AppleWebKit/537.36 (KHTML, like Gecko) Chrome/59.0.3071.115 Safari/537.36"
185.93.89.167 - - [20/Jun/2026:09:13:05 +1000] "GET /twilio.env HTTP/1.1" 404 24932 "-" "Mozilla/5.0 (Windows; U; Windows XP) Gecko MultiZilla/1.6.1.0a"
185.93.89.167 - - [20/Jun/2026:09:13:05 +1000] "GET /twilio.env HTTP/1.1" 301 178 "-" "Mozilla/5.0 (Windows NT 6.1; Win64; x64) AppleWebKit/537.36 (KHTML, like Gecko) Chrome/59.0.3071.115 Safari/537.36"
185.93.89.167 - - [20/Jun/2026:09:13:05 +1000] "GET /api/.env HTTP/1.1" 301 178 "-" "Mozilla/5.0 (Windows NT 6.1; Win64; x64) AppleWebKit/537.36 (KHTML, like Gecko) Chrome/59.0.3071.115 Safari/537.36"
185.93.89.167 - - [20/Jun/2026:09:13:05 +1000] "GET /phpinfo/ HTTP/1.1" 301 178 "-" "Mozilla/5.0 (Windows NT 6.1; Win64; x64) AppleWebKit/537.36 (KHTML, like Gecko) Chrome/59.0.3071.115 Safari/537.36"
185.93.89.167 - - [20/Jun/2026:09:13:06 +1000] "GET /dev/.env HTTP/1.1" 301 178 "-" "Mozilla/5.0 (Windows NT 6.1; Win64; x64) AppleWebKit/537.36 (KHTML, like Gecko) Chrome/59.0.3071.115 Safari/537.36"
185.93.89.167 - - [20/Jun/2026:09:13:06 +1000] "GET /api/.env HTTP/1.1" 404 24932 "-" "Mozilla/5.0 (Windows; U; Windows XP) Gecko MultiZilla/1.6.1.0a"
185.93.89.167 - - [20/Jun/2026:09:13:06 +1000] "GET /app_dev.php/_profiler/phpinfo HTTP/1.1" 301 178 "-" "Mozilla/5.0 (Windows NT 6.1; Win64; x64) AppleWebKit/537.36 (KHTML, like Gecko) Chrome/59.0.3071.115 Safari/537.36"
185.93.89.167 - - [20/Jun/2026:09:13:06 +1000] "GET /admin/.env HTTP/1.1" 301 178 "-" "Mozilla/5.0 (Windows NT 6.1; Win64; x64) AppleWebKit/537.36 (KHTML, like Gecko) Chrome/59.0.3071.115 Safari/537.36"
185.93.89.167 - - [20/Jun/2026:09:13:07 +1000] "GET /laravel/.env HTTP/1.1" 301 178 "-" "Mozilla/5.0 (Windows NT 6.1; Win64; x64) AppleWebKit/537.36 (KHTML, like Gecko) Chrome/59.0.3071.115 Safari/537.36"
185.93.89.167 - - [20/Jun/2026:09:13:07 +1000] "GET /.config.yaml HTTP/1.1" 301 178 "-" "Mozilla/5.0 (Windows NT 6.1; Win64; x64) AppleWebKit/537.36 (KHTML, like Gecko) Chrome/59.0.3071.115 Safari/537.36"
185.93.89.167 - - [20/Jun/2026:09:13:07 +1000] "GET /backend/.env HTTP/1.1" 301 178 "-" "Mozilla/5.0 (Windows NT 6.1; Win64; x64) AppleWebKit/537.36 (KHTML, like Gecko) Chrome/59.0.3071.115 Safari/537.36"
185.93.89.167 - - [20/Jun/2026:09:13:07 +1000] "GET /secrets.env HTTP/1.1" 301 178 "-" "Mozilla/5.0 (Windows NT 6.1; Win64; x64) AppleWebKit/537.36 (KHTML, like Gecko) Chrome/59.0.3071.115 Safari/537.36"
185.93.89.167 - - [20/Jun/2026:09:13:08 +1000] "GET /.env.example HTTP/1.1" 301 178 "-" "Mozilla/5.0 (Windows NT 6.1; Win64; x64) AppleWebKit/537.36 (KHTML, like Gecko) Chrome/59.0.3071.115 Safari/537.36"
185.93.89.167 - - [20/Jun/2026:09:13:08 +1000] "GET /web/.env HTTP/1.1" 301 178 "-" "Mozilla/5.0 (Windows NT 6.1; Win64; x64) AppleWebKit/537.36 (KHTML, like Gecko) Chrome/59.0.3071.115 Safari/537.36"
185.93.89.167 - - [20/Jun/2026:09:13:08 +1000] "GET /.env.bak HTTP/1.1" 301 178 "-" "Mozilla/5.0 (Windows NT 6.1; Win64; x64) AppleWebKit/537.36 (KHTML, like Gecko) Chrome/59.0.3071.115 Safari/537.36"
185.93.89.167 - - [20/Jun/2026:09:13:09 +1000] "GET /staging/.env HTTP/1.1" 301 178 "-" "Mozilla/5.0 (Windows NT 6.1; Win64; x64) AppleWebKit/537.36 (KHTML, like Gecko) Chrome/59.0.3071.115 Safari/537.36"
